{"id":99,"date":"2017-11-12T21:49:49","date_gmt":"2017-11-12T20:49:49","guid":{"rendered":"http:\/\/nicolaswaquet.fr\/?page_id=99"},"modified":"2024-01-10T17:33:11","modified_gmt":"2024-01-10T16:33:11","slug":"poesie-recueils","status":"publish","type":"page","link":"https:\/\/nicolaswaquet.fr\/index.php\/poesie\/poesie-recueils\/","title":{"rendered":"Po\u00e9sie recueils"},"content":{"rendered":"<p>A ce jour, Nicolas Waquet a publi\u00e9 quatre recueils, pour lesquels vous retrouverez les d\u00e9tails en cliquant sur les couvertures.<\/p>\n<p><span style=\"color: #008000;\"><em>\u00a0<\/em><\/span><\/p>\n<p><a href=\"http:\/\/nicolaswaquet.fr\/index.php\/poesie\/poesie-recueils\/a-peine\/\" target=\"_blank\" rel=\"noopener\"><img loading=\"lazy\" decoding=\"async\" class=\"alignnone size-medium wp-image-536\" src=\"http:\/\/nicolaswaquet.fr\/wp-content\/uploads\/2017\/11\/Nicolas-Waquet-A-peine.gif\" alt=\"\" width=\"200\" height=\"293\" \/><\/a>\u00a0\u00a0\u00a0 <a href=\"http:\/\/nicolaswaquet.fr\/index.php\/poesie\/poesie-recueils\/puisquil-fait-jour\/\" target=\"_blank\" rel=\"noopener\"><img loading=\"lazy\" decoding=\"async\" class=\"alignnone size-medium wp-image-535\" src=\"http:\/\/nicolaswaquet.fr\/wp-content\/uploads\/2017\/11\/Waquet-Puisquil-fait-jour-1ere-200x300.png\" alt=\"\" width=\"200\" height=\"300\" srcset=\"https:\/\/nicolaswaquet.fr\/wp-content\/uploads\/2017\/11\/Waquet-Puisquil-fait-jour-1ere-200x300.png 200w, https:\/\/nicolaswaquet.fr\/wp-content\/uploads\/2017\/11\/Waquet-Puisquil-fait-jour-1ere-682x1024.png 682w, https:\/\/nicolaswaquet.fr\/wp-content\/uploads\/2017\/11\/Waquet-Puisquil-fait-jour-1ere.png 741w\" sizes=\"auto, (max-width: 200px) 100vw, 200px\" \/> \u00a0 \u00a0 <\/a><a href=\"http:\/\/nicolaswaquet.fr\/index.php\/poesie\/poesie-recueils\/dans-lombre-inscrit\/\" target=\"_blank\" rel=\"noopener\"><img loading=\"lazy\" decoding=\"async\" class=\"alignnone size-medium wp-image-865\" src=\"http:\/\/nicolaswaquet.fr\/wp-content\/uploads\/2021\/05\/dans-lombre-inscrit-199x300.jpg\" alt=\"\" width=\"199\" height=\"300\" srcset=\"https:\/\/nicolaswaquet.fr\/wp-content\/uploads\/2021\/05\/dans-lombre-inscrit-199x300.jpg 199w, https:\/\/nicolaswaquet.fr\/wp-content\/uploads\/2021\/05\/dans-lombre-inscrit.jpg 290w\" sizes=\"auto, (max-width: 199px) 100vw, 199px\" \/><\/a><a href=\"http:\/\/nicolaswaquet.fr\/index.php\/poesie\/poesie-recueils\/derriere-le-ciel\/\" target=\"_blank\" rel=\"noopener\">\u00a0 <img loading=\"lazy\" decoding=\"async\" class=\"alignnone size-medium wp-image-989\" src=\"http:\/\/nicolaswaquet.fr\/wp-content\/uploads\/2024\/01\/Derriere-le-ciel-196x300.jpg\" alt=\"\" width=\"196\" height=\"300\" srcset=\"https:\/\/nicolaswaquet.fr\/wp-content\/uploads\/2024\/01\/Derriere-le-ciel-196x300.jpg 196w, https:\/\/nicolaswaquet.fr\/wp-content\/uploads\/2024\/01\/Derriere-le-ciel.jpg 300w\" sizes=\"auto, (max-width: 196px) 100vw, 196px\" \/><br \/>\n<\/a><\/p>\n<p style=\"padding-left: 60px;\">2012\u00a0\u00a0\u00a0\u00a0\u00a0\u00a0\u00a0\u00a0\u00a0\u00a0\u00a0\u00a0\u00a0\u00a0\u00a0\u00a0\u00a0\u00a0\u00a0\u00a0\u00a0\u00a0\u00a0\u00a0\u00a0\u00a0\u00a0\u00a0\u00a0\u00a0\u00a0\u00a0\u00a0\u00a0\u00a0\u00a0\u00a0\u00a0 \u00a0 \u00a0\u00a0\u00a0\u00a0\u00a0\u00a0\u00a0\u00a0\u00a0\u00a0\u00a0 2017\u00a0\u00a0\u00a0\u00a0\u00a0\u00a0\u00a0\u00a0\u00a0\u00a0\u00a0\u00a0\u00a0\u00a0\u00a0\u00a0\u00a0\u00a0\u00a0\u00a0\u00a0\u00a0\u00a0\u00a0\u00a0\u00a0\u00a0\u00a0\u00a0\u00a0\u00a0\u00a0\u00a0\u00a0\u00a0\u00a0\u00a0\u00a0\u00a0\u00a0\u00a0\u00a0\u00a0\u00a0\u00a0\u00a0 2021\u00a0\u00a0\u00a0\u00a0\u00a0\u00a0\u00a0\u00a0\u00a0\u00a0\u00a0\u00a0\u00a0\u00a0\u00a0\u00a0\u00a0\u00a0\u00a0\u00a0\u00a0\u00a0\u00a0\u00a0\u00a0\u00a0\u00a0\u00a0\u00a0\u00a0\u00a0\u00a0\u00a0 \u00a0 \u00a0 \u00a0 \u00a0 2023<\/p>\n<p>&nbsp;<\/p>\n<p>&nbsp;<\/p>\n<p>&nbsp;<\/p>\n<p>&nbsp;<\/p>\n","protected":false},"excerpt":{"rendered":"<p>A ce jour, Nicolas Waquet a publi\u00e9 quatre recueils, pour lesquels vous retrouverez les d\u00e9tails en cliquant sur les couvertures. [&hellip;]<\/p>\n","protected":false},"author":1,"featured_media":0,"parent":54,"menu_order":0,"comment_status":"closed","ping_status":"closed","template":"","meta":{"footnotes":""},"class_list":["post-99","page","type-page","status-publish","hentry"],"aioseo_notices":[],"_links":{"self":[{"href":"https:\/\/nicolaswaquet.fr\/index.php\/wp-json\/wp\/v2\/pages\/99","targetHints":{"allow":["GET"]}}],"collection":[{"href":"https:\/\/nicolaswaquet.fr\/index.php\/wp-json\/wp\/v2\/pages"}],"about":[{"href":"https:\/\/nicolaswaquet.fr\/index.php\/wp-json\/wp\/v2\/types\/page"}],"author":[{"embeddable":true,"href":"https:\/\/nicolaswaquet.fr\/index.php\/wp-json\/wp\/v2\/users\/1"}],"replies":[{"embeddable":true,"href":"https:\/\/nicolaswaquet.fr\/index.php\/wp-json\/wp\/v2\/comments?post=99"}],"version-history":[{"count":13,"href":"https:\/\/nicolaswaquet.fr\/index.php\/wp-json\/wp\/v2\/pages\/99\/revisions"}],"predecessor-version":[{"id":993,"href":"https:\/\/nicolaswaquet.fr\/index.php\/wp-json\/wp\/v2\/pages\/99\/revisions\/993"}],"up":[{"embeddable":true,"href":"https:\/\/nicolaswaquet.fr\/index.php\/wp-json\/wp\/v2\/pages\/54"}],"wp:attachment":[{"href":"https:\/\/nicolaswaquet.fr\/index.php\/wp-json\/wp\/v2\/media?parent=99"}],"curies":[{"name":"wp","href":"https:\/\/api.w.org\/{rel}","templated":true}]}}

Poésie recueils

<p>A ce jour, Nicolas Waquet a publié quatre recueils, pour lesquels vous retrouverez les détails en cliquant sur les couvertures.</p>
<p><span style="color: #008000;"><em> </em></span></p>
<p><a href="http://nicolaswaquet.fr/index.php/poesie/poesie-recueils/a-peine/" target="_blank" rel="noopener"><img loading="lazy" decoding="async" class="alignnone size-medium wp-image-536" src="http://nicolaswaquet.fr/wp-content/uploads/2017/11/Nicolas-Waquet-A-peine.gif" alt="" width="200" height="293" /></a>    <a href="http://nicolaswaquet.fr/index.php/poesie/poesie-recueils/puisquil-fait-jour/" target="_blank" rel="noopener"><img loading="lazy" decoding="async" class="alignnone size-medium wp-image-535" src="http://nicolaswaquet.fr/wp-content/uploads/2017/11/Waquet-Puisquil-fait-jour-1ere-200x300.png" alt="" width="200" height="300" srcset="https://nicolaswaquet.fr/wp-content/uploads/2017/11/Waquet-Puisquil-fait-jour-1ere-200x300.png 200w, https://nicolaswaquet.fr/wp-content/uploads/2017/11/Waquet-Puisquil-fait-jour-1ere-682x1024.png 682w, https://nicolaswaquet.fr/wp-content/uploads/2017/11/Waquet-Puisquil-fait-jour-1ere.png 741w" sizes="auto, (max-width: 200px) 100vw, 200px" />     </a><a href="http://nicolaswaquet.fr/index.php/poesie/poesie-recueils/dans-lombre-inscrit/" target="_blank" rel="noopener"><img loading="lazy" decoding="async" class="alignnone size-medium wp-image-865" src="http://nicolaswaquet.fr/wp-content/uploads/2021/05/dans-lombre-inscrit-199x300.jpg" alt="" width="199" height="300" srcset="https://nicolaswaquet.fr/wp-content/uploads/2021/05/dans-lombre-inscrit-199x300.jpg 199w, https://nicolaswaquet.fr/wp-content/uploads/2021/05/dans-lombre-inscrit.jpg 290w" sizes="auto, (max-width: 199px) 100vw, 199px" /></a><a href="http://nicolaswaquet.fr/index.php/poesie/poesie-recueils/derriere-le-ciel/" target="_blank" rel="noopener">  <img loading="lazy" decoding="async" class="alignnone size-medium wp-image-989" src="http://nicolaswaquet.fr/wp-content/uploads/2024/01/Derriere-le-ciel-196x300.jpg" alt="" width="196" height="300" srcset="https://nicolaswaquet.fr/wp-content/uploads/2024/01/Derriere-le-ciel-196x300.jpg 196w, https://nicolaswaquet.fr/wp-content/uploads/2024/01/Derriere-le-ciel.jpg 300w" sizes="auto, (max-width: 196px) 100vw, 196px" /><br />
</a></p>
<p style="padding-left: 60px;">2012                                                     2017                                               2021                                          2023</p>
<p>&nbsp;</p>
<p>&nbsp;</p>
<p>&nbsp;</p>
<p>&nbsp;</p>

<p>A ce jour, Nicolas Waquet a publié quatre recueils, pour lesquels vous retrouverez les détails en cliquant sur les couvertures. [&hellip;]</p>
