{"id":988,"date":"2024-01-10T17:29:31","date_gmt":"2024-01-10T16:29:31","guid":{"rendered":"http:\/\/nicolaswaquet.fr\/?page_id=988"},"modified":"2024-01-10T17:30:23","modified_gmt":"2024-01-10T16:30:23","slug":"derriere-le-ciel","status":"publish","type":"page","link":"https:\/\/nicolaswaquet.fr\/index.php\/poesie\/poesie-recueils\/derriere-le-ciel\/","title":{"rendered":"Derri\u00e8re le ciel"},"content":{"rendered":"<p><img loading=\"lazy\" decoding=\"async\" class=\"size-medium wp-image-989 alignleft\" src=\"http:\/\/nicolaswaquet.fr\/wp-content\/uploads\/2024\/01\/Derriere-le-ciel-196x300.jpg\" alt=\"\" width=\"196\" height=\"300\" srcset=\"https:\/\/nicolaswaquet.fr\/wp-content\/uploads\/2024\/01\/Derriere-le-ciel-196x300.jpg 196w, https:\/\/nicolaswaquet.fr\/wp-content\/uploads\/2024\/01\/Derriere-le-ciel.jpg 300w\" sizes=\"auto, (max-width: 196px) 100vw, 196px\" \/><\/p>\n<p>Pr\u00e9face de Pierre Brunel<\/p>\n<p>Editions unicit\u00e9, collection Cahiers Bleus.<\/p>\n<p>Paris, d\u00e9cembre 2023, 120 p.<\/p>\n<p>ISBN : <span class=\"ISBN\">978-2-37355-951-4<\/span><\/p>\n<p>&nbsp;<\/p>\n<p>&nbsp;<\/p>\n<p>&nbsp;<\/p>\n<p>&nbsp;<\/p>\n<p>&nbsp;<\/p>\n<p>&nbsp;<\/p>\n<p>&nbsp;<\/p>\n","protected":false},"excerpt":{"rendered":"<p>Pr\u00e9face de Pierre Brunel Editions unicit\u00e9, collection Cahiers Bleus. Paris, d\u00e9cembre 2023, 120 p. ISBN : 978-2-37355-951-4 &nbsp; &nbsp; &nbsp; [&hellip;]<\/p>\n","protected":false},"author":1,"featured_media":0,"parent":99,"menu_order":0,"comment_status":"closed","ping_status":"closed","template":"","meta":{"footnotes":""},"class_list":["post-988","page","type-page","status-publish","hentry"],"aioseo_notices":[],"_links":{"self":[{"href":"https:\/\/nicolaswaquet.fr\/index.php\/wp-json\/wp\/v2\/pages\/988","targetHints":{"allow":["GET"]}}],"collection":[{"href":"https:\/\/nicolaswaquet.fr\/index.php\/wp-json\/wp\/v2\/pages"}],"about":[{"href":"https:\/\/nicolaswaquet.fr\/index.php\/wp-json\/wp\/v2\/types\/page"}],"author":[{"embeddable":true,"href":"https:\/\/nicolaswaquet.fr\/index.php\/wp-json\/wp\/v2\/users\/1"}],"replies":[{"embeddable":true,"href":"https:\/\/nicolaswaquet.fr\/index.php\/wp-json\/wp\/v2\/comments?post=988"}],"version-history":[{"count":2,"href":"https:\/\/nicolaswaquet.fr\/index.php\/wp-json\/wp\/v2\/pages\/988\/revisions"}],"predecessor-version":[{"id":991,"href":"https:\/\/nicolaswaquet.fr\/index.php\/wp-json\/wp\/v2\/pages\/988\/revisions\/991"}],"up":[{"embeddable":true,"href":"https:\/\/nicolaswaquet.fr\/index.php\/wp-json\/wp\/v2\/pages\/99"}],"wp:attachment":[{"href":"https:\/\/nicolaswaquet.fr\/index.php\/wp-json\/wp\/v2\/media?parent=988"}],"curies":[{"name":"wp","href":"https:\/\/api.w.org\/{rel}","templated":true}]}}