{"id":97,"date":"2021-06-26T16:49:29","date_gmt":"2021-06-26T14:49:29","guid":{"rendered":"http:\/\/nicolaswaquet.fr\/?page_id=97"},"modified":"2025-11-28T18:15:35","modified_gmt":"2025-11-28T17:15:35","slug":"poesie-revues","status":"publish","type":"page","link":"https:\/\/nicolaswaquet.fr\/index.php\/poesie\/poesie-revues\/","title":{"rendered":"Po\u00e9sie revues"},"content":{"rendered":"<p>Nicolas Waquet a publi\u00e9 de nombreuses \u0153uvres po\u00e9tiques (extraits, in\u00e9dits ou \u0153uvres originales) dans diverses revues, en France \u00e0 l&rsquo;\u00e9tranger.<\/p>\n<p><em><span style=\"color: #ff6600;\"><strong>\u22c5 <\/strong><\/span>Aimes-tu encore l\u2019\u00e9nigme des orages, Arpa, <\/em>n\u00b0149-150, octobre 2025.<br \/>\n<em><strong><span style=\"color: #ff6600;\">\u22c5<\/span> <\/strong>P\u00ebrderisa \u00ebsht\u00eb dit\u00eb, Jeta e Re, <\/em>traduction albanaise de Alket \u00c7ani, n\u00b02, viti LI, Prishtin\u00eb 2025.<br \/>\n<em><span style=\"color: #ff6600;\"><strong>\u22c5 <\/strong><\/span>Un pli dans l\u2019angle droit, Libres mots, <\/em>n\u00b02, juin 2024.<br \/>\n<em><span style=\"color: #ff6600;\"><strong>\u22c5 <\/strong><\/span>Derri\u00e8re le ciel<\/em>, pr\u00e9face de P. Brunel, Les Cahiers bleus, Unicit\u00e9, 2023.<br \/>\n<em><span style=\"color: #ff6600;\"><strong>\u22c5 <\/strong><\/span>Jusqu\u2019aux jardins de l\u2019aube, Arpa<\/em>,\u200e n\u00b0 140, juin 2023.<br \/>\n<em><strong><span style=\"color: #ff6600;\">\u22c5<\/span> <\/strong>Paraphes, Arpa<\/em>,\u200e n\u00b0131, mars 2021.<br \/>\n<em><span style=\"color: #ff6600;\"><strong>\u22c5 <\/strong><\/span>Dans l\u2019ombre inscrit<\/em>, pr\u00e9face de G. Bocholier, Les Cahiers bleus, Unicit\u00e9, 2021.<br \/>\n<em><span style=\"color: #ff6600;\"><strong>\u22c5 <\/strong><\/span>\u00ab\u00a0<a href=\"https:\/\/www.profession-spectacle.com\/au-matin-dun-vertige\/\" target=\"_blank\" rel=\"noopener\">Au matin d&rsquo;un vertige<\/a>\u00ab\u00a0, Chronique des confins, Profession Spectacle<\/em>, 26 mars 2020.<br \/>\n<em><strong>\u22c5 <\/strong><\/em><em>Puisqu\u2019il fait jour<\/em>, avec des compositions musicales de C. Belletante, Corlevour, 2017.<br \/>\n<em><span style=\"color: #ff6600;\"><strong>\u22c5 <\/strong><\/span>Po\u00e8mes, Nunc<\/em>, n\u00b0 36, juin 2015.<br \/>\n<em><strong><span style=\"color: #ff6600;\">\u22c5<\/span> <\/strong>Cinq variations, Recours au Po\u00e8me<\/em>, n\u00b0 125, d\u00e9cembre 2014.<br \/>\n<em><strong><span style=\"color: #ff6600;\">\u22c5<\/span> <\/strong>\u00c9pures, Arpa<\/em>,\u200e n\u00b0 110-111, octobre 2014.<br \/>\n<em><strong><span style=\"color: #ff6600;\">\u22c5<\/span> <\/strong>Enfance nue, Nu(e)<\/em>, Nice, Association Nu (Nice), n<sup>o<\/sup>\u00a052,\u200e octobre 2012.<br \/>\n<em><span style=\"color: #ff6600;\"><strong>\u22c5 <\/strong><\/span>Passages, Arpa<\/em>, n\u00b0104, juin 2012.<br \/>\n<em><strong><span style=\"color: #ff6600;\">\u22c5<\/span> <\/strong>\u00c0 peine<\/em>, Corlevour, 2012.<br \/>\n<em><span style=\"color: #ff6600;\"><strong>\u22c5 <\/strong><\/span>Une passion, Confluences po\u00e9tiques<\/em>, n<sup>o<\/sup>\u00a04,\u200e avril 2011.<br \/>\n<em><span style=\"color: #ff6600;\"><strong>\u22c5 <\/strong><\/span>Po\u00e8mes, Nunc<\/em>, n<sup>o<\/sup>\u00a022,\u200e octobre 2010.<br \/>\n<em><span style=\"color: #ff6600;\"><strong>\u22c5 <\/strong><\/span>Essences d\u2019ombre, Nu(e)<\/em>, Nice, Association Nu (Nice), n<sup>o<\/sup>\u00a042,\u200e novembre 2009.<br \/>\n<em><span style=\"color: #ff6600;\"><strong>\u22c5 <\/strong><\/span>Cinque frammenti, L&rsquo;Immaginazione<\/em>, traduction italienne par Marica Larocchi, 244, gennaio-febbraio 2009.<br \/>\n<em><span style=\"color: #ff6600;\"><strong>\u22c5 <\/strong><\/span>Sylva, Nunc<\/em>, n<sup>o<\/sup>\u00a016,\u200e septembre 2008.<br \/>\n<em><span style=\"color: #ff6600;\"><strong>\u22c5 <\/strong><\/span>HCW, Po\u00e9sie 2004<\/em>, Maison de la Po\u00e9sie de Paris, n<sup>o<\/sup>\u00a0100,\u200e mars 2004.<\/p>\n","protected":false},"excerpt":{"rendered":"<p>Nicolas Waquet a publi\u00e9 de nombreuses \u0153uvres po\u00e9tiques (extraits, in\u00e9dits ou \u0153uvres originales) dans diverses revues, en France \u00e0 l&rsquo;\u00e9tranger. [&hellip;]<\/p>\n","protected":false},"author":1,"featured_media":0,"parent":54,"menu_order":0,"comment_status":"closed","ping_status":"closed","template":"","meta":{"footnotes":""},"class_list":["post-97","page","type-page","status-publish","hentry"],"aioseo_notices":[],"_links":{"self":[{"href":"https:\/\/nicolaswaquet.fr\/index.php\/wp-json\/wp\/v2\/pages\/97","targetHints":{"allow":["GET"]}}],"collection":[{"href":"https:\/\/nicolaswaquet.fr\/index.php\/wp-json\/wp\/v2\/pages"}],"about":[{"href":"https:\/\/nicolaswaquet.fr\/index.php\/wp-json\/wp\/v2\/types\/page"}],"author":[{"embeddable":true,"href":"https:\/\/nicolaswaquet.fr\/index.php\/wp-json\/wp\/v2\/users\/1"}],"replies":[{"embeddable":true,"href":"https:\/\/nicolaswaquet.fr\/index.php\/wp-json\/wp\/v2\/comments?post=97"}],"version-history":[{"count":24,"href":"https:\/\/nicolaswaquet.fr\/index.php\/wp-json\/wp\/v2\/pages\/97\/revisions"}],"predecessor-version":[{"id":1164,"href":"https:\/\/nicolaswaquet.fr\/index.php\/wp-json\/wp\/v2\/pages\/97\/revisions\/1164"}],"up":[{"embeddable":true,"href":"https:\/\/nicolaswaquet.fr\/index.php\/wp-json\/wp\/v2\/pages\/54"}],"wp:attachment":[{"href":"https:\/\/nicolaswaquet.fr\/index.php\/wp-json\/wp\/v2\/media?parent=97"}],"curies":[{"name":"wp","href":"https:\/\/api.w.org\/{rel}","templated":true}]}}