{"id":92,"date":"2021-12-10T17:47:33","date_gmt":"2021-12-10T16:47:33","guid":{"rendered":"http:\/\/nicolaswaquet.fr\/?page_id=92"},"modified":"2025-09-15T16:58:58","modified_gmt":"2025-09-15T14:58:58","slug":"revue-de-presse","status":"publish","type":"page","link":"https:\/\/nicolaswaquet.fr\/index.php\/revue-de-presse\/","title":{"rendered":"Revue de presse"},"content":{"rendered":"<p>Les publications de Nicolas Waquet font l&rsquo;objet de retomb\u00e9es m\u00e9diatiques. Par ailleurs, plusieurs ouvrages (po\u00e9tiques ou traductions) sont cit\u00e9s en r\u00e9f\u00e9rence, par exemple dans le cadre de parcours universitaires. Vous pouvez acc\u00e9der \u00e0 certains d&rsquo;entre eux en cliquant sur les liens (en vert).<\/p>\n<p><span style=\"color: #808080;\"><strong>Media<\/strong><\/span><br \/>\n<em><span style=\"color: #ff0000;\">\u2022<\/span> Mille et cent baisers <\/em>(Catulle, 2024) : pr\u00e9sent\u00e9 dans la s\u00e9lection de rentr\u00e9e sur le site <a href=\"https:\/\/actualitte.com\/article\/118511\/avant-parutions\/catulle-qui-celebre-l-amour-sous-toutes-ses-facettes\" target=\"_blank\" rel=\"noopener\">ActuaLitt\u00e9<\/a> (juillet 2024)<br \/>\n<em><span style=\"color: #ff0000;\">\u2022<\/span> Une bonne tasse de th\u00e9<\/em> (George Orwell, 2024) : chroniques parues sur le site ActuaLitt\u00e9 en <a href=\"https:\/\/actualitte.com\/article\/115043\/avant-parutions\/george-orwell-prepare-le-the-et-la-lecture\" target=\"_blank\" rel=\"noopener\">janvier 2024<\/a> et <a href=\"https:\/\/actualitte.com\/article\/115704\/michroniques\/une-bonne-tasse-de-the-et-autres-essais\" target=\"_blank\" rel=\"noopener\">f\u00e9vrier 2024<\/a><br \/>\n<span style=\"color: #ff0000;\"><em>\u2022 <\/em><\/span><em>L&rsquo;art de vieillir <\/em>(Arthur Schopenhauer, 2023) : s\u00e9lectionn\u00e9 par <a href=\"https:\/\/www.lemonde.fr\/livres\/article\/2023\/09\/30\/trois-livres-de-poche-sur-l-automne-de-la-vie-conseilles-par-francois-angelier_6191783_3260.html\" target=\"_blank\" rel=\"noopener\">Le Monde des Livres<\/a> (sept. 2023), chroniqu\u00e9 sur le compte ma.boussole.hlp (Aur\u00e9lien Gautherie, professeur d\u2019Humanit\u00e9s), <a href=\"http:\/\/nicolaswaquet.fr\/wp-content\/uploads\/2024\/06\/insta-prof-HLP-sur-Schopenhauer.png\" target=\"_blank\" rel=\"noopener\">\u00e0 retrouver ici.<\/a><br \/>\n<em><span style=\"color: #ff0000;\">\u2022 <\/span><\/em><em>Le m\u00e9tier d&rsquo;\u00e9crivain <\/em>(Hermann Hesse, 2021) : article de Pierre Gelin-Monastier dans <a href=\"http:\/\/nicolaswaquet.fr\/wp-content\/uploads\/2022\/12\/Hesse-article.jpg\" target=\"_blank\" rel=\"noopener\">Les Lettres Fran\u00e7aises<\/a> (sept. 2022), critique de Samuel Dufay dans la rubrique <a href=\"http:\/\/nicolaswaquet.fr\/wp-content\/uploads\/2021\/12\/Hesse-e%CC%81crivain-Express-juill-2021.jpg\" target=\"_blank\" rel=\"noopener\">Librairie de L&rsquo;Express<\/a> du 22 juillet 2021, chronique de David Neau sur le site <a href=\"https:\/\/www.avoir-alire.com\/le-metier-d-ecrivain-hermann-hesse-chronique-livre\" target=\"_blank\" rel=\"noopener\">Avoir-Alire<\/a> le 7 juin 2021,<br \/>\n<em><span style=\"color: #ff0000;\">\u2022<\/span> L&rsquo;amiti\u00e9 <\/em>(Aristote, 2020) : s\u00e9lectionn\u00e9 par <a href=\"http:\/\/nicolaswaquet.fr\/wp-content\/uploads\/2020\/10\/Libe%CC%81-19-sept-2020.jpg\" target=\"_blank\" rel=\"noopener\">Lib\u00e9ration<\/a>, dans son \u00e9dition du 19-20 septembre 2020. Retenu dans la rubrique L&rsquo;extrait de <a href=\"https:\/\/www.philomag.com\/articles\/aristote-les-vrais-amis-sont-ceux-qui-se-font-du-bien\" target=\"_blank\" rel=\"noopener\">Philosophie Magazine<\/a>, le 10 septembre 2020.<br \/>\n<em><span style=\"color: #ff0000;\">\u2022<\/span> La m\u00e9decine de l&rsquo;\u00e2me <\/em>(Cic\u00e9ron, 2020) : coup de c\u0153ur dans l&rsquo;<a href=\"http:\/\/nicolaswaquet.fr\/wp-content\/uploads\/2020\/10\/2020-07-09-LHUMANITE-DIMANCHE-Du-09-au-22-juillet-2020-10000000059071766-copie.jpg\" target=\"_blank\" rel=\"noopener\">Humanit\u00e9 Dimanche<\/a>, \u00e9dition du 9 juillet 2020.<br \/>\n<span style=\"color: #ff0000;\">\u2022<\/span> <em>Hymne \u00e0 l&rsquo;amiti\u00e9<\/em> (Friedrich Nietzsche, 2019) : s\u00e9lectionn\u00e9\u00a0lors de sa parution par Le Figaroscope dans sa rubrique Livres, retenu et comment\u00e9 par <a href=\"https:\/\/www.lemonde.fr\/livres\/article\/2019\/08\/01\/nietzsche-en-bref-un-volume-de-la-pleiade-une-anthologie-un-essai-de-pierre-montebello-un-autre-de-john-cowper-powys_5495614_3260.html\" target=\"_blank\" rel=\"noopener\">Le Monde<\/a> dans sa s\u00e9lection Nietzsche du 1er ao\u00fbt 2019, sous titr\u00e9e \u00ab\u00a0plusieurs parutions notables\u00a0\u00bb.<br \/>\n<span style=\"color: #ff0000;\">\u2022<\/span> <em>Consolation \u00e0 sa femme<\/em> (Plutarque, 2018) : s\u00e9lectionn\u00e9\u00a0lors de sa parution par <a href=\"http:\/\/nicolaswaquet.fr\/wp-content\/uploads\/2020\/10\/Plutarque-consolation-Le-Soir-2019.jpg\" target=\"_blank\" rel=\"noopener\">Le Soir<\/a> du 24-25 novembre 2018, dans sa rubrique leslivres.<br \/>\n<span style=\"color: #ff0000;\">\u2022<\/span> <em>La paix de l&rsquo;\u00e2me<\/em> (Epict\u00e8te, 2018) : s\u00e9lectionn\u00e9\u00a0lors de sa parution par Le Figaroscope dans sa rubrique Livres.<br \/>\n<span style=\"color: #ff0000;\">\u2022<\/span> <em>Puisqu&rsquo;il fait jour<\/em> (Nicolas Waquet, 2017) : critique de Richard Blin parue dans <a href=\"https:\/\/lmda.net\/2018-07-mat19543-puisqu_il_fait_jour?debut_articles=%409366\" target=\"_blank\" rel=\"noopener\">Le Matricule des Anges<\/a>, n\u00b0195, de juillet 2018.<br \/>\n<span style=\"color: #ff0000;\">\u2022<\/span> <em>Le Chat Bott\u00e9<\/em> (Ludwig Tieck, 2012) : intervention de Nicolas Waquet dans l&rsquo;\u00e9mission de Charles Dantzig sur <a href=\"https:\/\/www.franceculture.fr\/emissions\/personnages-en-personne\/le-chat-botte-ou-la-revolution-du-theatre\" target=\"_blank\" rel=\"noopener\">France Culture<\/a>, le 4 f\u00e9vrier 2018<br \/>\n<span style=\"color: #ff0000;\">\u2022<\/span> <em>Comment rester en bonne sant\u00e9<\/em> (Plutarque, 2016) : s\u00e9lectionn\u00e9 lors de sa parution par Le Figaroscope dans sa rubrique Livres.<br \/>\n<span style=\"color: #ff0000;\">\u2022<\/span> <em>Bambi<\/em> (Felix Salten, 2016) : article en janvier 2020 sur le site <a href=\"https:\/\/actualitte.com\/article\/4767\/chroniques\/bambi-de-felix-salten-la-beaute-peut-aussi-eclore-dans-la-terreur\" target=\"_blank\" rel=\"noopener\">ActuaLitt\u00e9<\/a>, article en pleine page dans <a href=\"http:\/\/nicolaswaquet.fr\/wp-content\/uploads\/2019\/09\/Bambi-LeMonde_2016-06-24.jpg\" target=\"_blank\" rel=\"noopener\">Le Monde<\/a> dat\u00e9 du 24 juin 2016. Egalement s\u00e9lectionn\u00e9 par le Figaroscope dans sa rubrique Livres.<br \/>\n<em><span style=\"color: #ff0000;\">\u2022<\/span> Contes<\/em> (Hermann Hesse, 2015) : s\u00e9lectionn\u00e9 lors de sa parution par <a href=\"http:\/\/nicolaswaquet.fr\/wp-content\/uploads\/2019\/09\/Hesse-figaroscope-2015.png\" target=\"_blank\" rel=\"noopener\">Le Figaroscope<\/a> dans sa rubrique Livres.<br \/>\n<span style=\"color: #ff0000;\">\u2022<\/span> <em>De la col\u00e8re<\/em> (S\u00e9n\u00e8que, 2014) : cet ouvrage est l&rsquo;essai du jour, pour la rubrique \u00ab\u00a0Essai et revue du jour\u00a0\u00bb de Jacques Munier, sur <a href=\"https:\/\/www.franceculture.fr\/emissions\/lessai-et-la-revue-du-jour-14-15\/de-la-colere-revue-pulp\" target=\"_blank\" rel=\"noopener\">France Culture<\/a>, le 27 juin 2014.<br \/>\n<em><span style=\"color: #ff0000;\">\u2022<\/span> Philosophie de la vie<\/em> (Schlegel, 2013) : cet ouvrage est l&rsquo;essai du jour, pour la rubrique \u00ab\u00a0Essai et revue du jour\u00a0\u00bb de Jacques Munier, sur <a href=\"https:\/\/www.franceculture.fr\/emissions\/lessai-et-la-revue-du-jour-14-15\/philosophie-de-la-vie-revue-esprit\" target=\"_blank\" rel=\"noopener\">France Culture<\/a>, le 1er juillet 2013.<br \/>\n<em><span style=\"color: #ff0000;\">\u2022<\/span> Ce que promet la philosophie<\/em> (Epict\u00e8te, 2012) : intervention de N. Waquet dans l&rsquo;\u00e9mission Le journal de la philosophie de Fran\u00e7ois Noudelmann sur <a href=\"https:\/\/www.franceculture.fr\/emissions\/le-journal-de-la-philosophie\/epictete-ce-que-promet-la-philosophie\" target=\"_blank\" rel=\"noopener\">France Culture<\/a>, le 15 f\u00e9vrier 2012.<br \/>\n<span style=\"color: #ff0000;\">\u2022<\/span> <em>Une biblioth\u00e8que id\u00e9ale<\/em> (Hermann Hesse, 2010) : article de Pierre Gelin-Monastier dans <a href=\"http:\/\/nicolaswaquet.fr\/wp-content\/uploads\/2022\/12\/Hesse-article.jpg\" target=\"_blank\" rel=\"noopener\">Les Lettres Fran\u00e7aises<\/a> (sept. 2022), s\u00e9lectionn\u00e9 lors de sa r\u00e9-\u00e9dition par <a href=\"http:\/\/evene.lefigaro.fr\/livres\/livre\/hermann-hesse-une-bibliotheque-ideale-43352.php\" target=\"_blank\" rel=\"noopener\">Le Figaroscope<\/a> dans sa rubrique Livres.<br \/>\n<span style=\"color: #ff0000;\">\u2022<\/span> <em>L&rsquo;orateur id\u00e9al<\/em> (Cic\u00e9ron, 2009) : traduction cit\u00e9e en r\u00e9f\u00e9rence, lue et comment\u00e9e dans le podcast <a title=\"\" href=\"https:\/\/www.radiofrance.fr\/franceculture\/podcasts\/les-chemins-de-la-philosophie\/l-art-de-persuader-pour-les-nuls-9559990\" target=\"_blank\" rel=\"noopener\">Les chemins de la philosophie<\/a>, sur France Culture<br \/>\n<em><span style=\"color: #ff0000;\">\u2022<\/span> Eloge de la n\u00e9gligence<\/em> (Fronton, 2007) : article de Roger-Pol Droit dans <a href=\"http:\/\/www.lemonde.fr\/livres\/article\/2007\/11\/29\/un-eloge-peut-en-cacher-un-autre_983794_3260.html\" target=\"_blank\" rel=\"noopener\">Le Monde des Livres<\/a>, le 29 novembre 2007, article de Pierre Bottura dans <a href=\"https:\/\/www.philomag.com\/les-livres\/eloge-de-la-negligence-et-autres-textes-4395\" target=\"_blank\" rel=\"noopener\">Philosophie Magazine<\/a> n\u00b018, avril 2008. Recension parue dans <a href=\"https:\/\/www.philomag.com\/livres\/eloge-de-la-negligence-et-autres-textes\" target=\"_blank\" rel=\"noopener\">Philosophie Magazine<\/a> du 21 septembre 2012.<br \/>\n<em><span style=\"color: #ff0000;\">\u2022<\/span> Petit manuel de campagne \u00e9lectorale<\/em> (Cic\u00e9ron, 2007) : article de Emmanuel Hecht sur le site <a href=\"https:\/\/www.lesechos.fr\/23\/01\/2007\/LesEchos\/19841-055-ECH_ciceron-candidat-a-l-election.htm\" target=\"_blank\" rel=\"noopener\">LesEchos.fr<\/a>, le 23 janvier 2007.<br \/>\n<em><span style=\"color: #ff0000;\">\u2022<\/span> Po\u00e8mes Fluviaux <\/em>(Friedrich H\u00f6lderlin, 2004) : livre du mois dans <a href=\"http:\/\/nicolaswaquet.fr\/wp-content\/uploads\/2020\/10\/Nicolas-Masson-Poemesfluviaux-Mag-Litt_2004-10.jpg\" target=\"_blank\" rel=\"noopener\">Le Magazine Litt\u00e9raire<\/a> n\u00b0 435 dat\u00e9 octobre 2004, article sur H\u00f6lderlin dans <a href=\"http:\/\/nicolaswaquet.fr\/wp-content\/uploads\/2019\/09\/Nicolas-LeMondedeslivres-Holderlin-OdesFluviales_2004-12-17.jpg\" target=\"_blank\" rel=\"noopener\">Le Monde<\/a> dat\u00e9 du 17 d\u00e9cembre 2004, cit\u00e9e en r\u00e9f\u00e9rence dans l\u2019article d\u2019Eric Baude, sur <a title=\"\" href=\"http:\/\/www.danube-culture.org\/holderlin-et-lister\/\" target=\"_blank\" rel=\"noopener\">Danude-culture.org<\/a> (mai 2024).<\/p>\n<p><span style=\"color: #808080;\"><strong>R\u00e9f\u00e9rences et citations<\/strong><\/span><br \/>\n<em><span style=\"color: #ff0000;\">\u2022 <span style=\"color: #333333;\">Une bonne tasse de th\u00e9<\/span><\/span><\/em><span style=\"color: #ff0000;\"><span style=\"color: #333333;\"> (George Orwell, 202&prime;) : Ouvrage retenu par Christilla Pell\u00e9-Dou\u00ebl dans l\u2019\u00e9mission <a href=\"https:\/\/www.radiofrance.fr\/franceinter\/podcasts\/grand-bien-vous-fasse\/grand-bien-vous-fasse-du-vendredi-05-septembre-2025-1218690\" target=\"_blank\" rel=\"noopener\">Le Club des Lectures qui font du bien<\/a>, sur France Inter le 5 septembre 2025 (<a href=\"https:\/\/luqi.fr\/#\/diffusion\/budget\/a2t57000000zDpZAAU\/preview\/audio\/60000000250247546\" target=\"_blank\" rel=\"noopener\">extrait<\/a>). A fait l&rsquo;objet d&rsquo;une publication sur le blog <\/span><\/span><span style=\"color: #ff0000;\"><span style=\"color: #333333;\"><a href=\"https:\/\/lintervalle.blog\/2024\/02\/19\/totalitarisme-et-tasse-de-the-par-george-orwell-ecrivain\/\" target=\"_blank\" rel=\"noopener\">L&rsquo;intervalle<\/a> de Fabien Ribery (19 f\u00e9vrier 2024)<\/span><\/span><br \/>\n<em><span style=\"color: #ff0000;\">\u2022<\/span> Pens\u00e9es et anecdotes <\/em>(Diog\u00e8ne Le Cynique, 2021) : fait l&rsquo;objet d&rsquo;une publication sur le blog <a href=\"https:\/\/lintervalle.blog\/2021\/12\/06\/diogene-gare-aux-poulpes\/\" target=\"_blank\" rel=\"noopener\">L&rsquo;intervalle<\/a> de Fabien Ribery (6 d\u00e9cembre 2021)<br \/>\n<em><span style=\"color: #ff0000;\">\u2022<\/span> Le m\u00e9tier d&rsquo;\u00e9crivain<\/em> (Hermann Hesse, 2021) : fait l&rsquo;objet d&rsquo;une publication sur le blog <a href=\"https:\/\/lintervalle.blog\/2021\/07\/27\/vers-lunite-originelle-par-hermann-hesse-ecrivain\/\" target=\"_blank\" rel=\"noopener\">L&rsquo;intervalle<\/a> de Fabien Ribery (27 juillet 2021)<br \/>\n<em><span style=\"color: #ff0000;\">\u2022 <\/span>Bambi <\/em>(Felix Salten &#8211; Benjamin Lacombe, 2020) : la qualit\u00e9 de la traduction est point\u00e9e dans de nombreux media, par exemple : <a href=\"https:\/\/www.telerama.fr\/enfants\/livre-pour-enfants-redecouvrir-bambi-sublime-par-benjamin-lacombe-6803136.php\" target=\"_blank\" rel=\"noopener\">T\u00e9l\u00e9rama.fr<\/a> (21\/01\/2021) ; <a href=\"https:\/\/www.lepoint.fr\/culture\/bambi-victime-des-nazis-28-11-2020-2403054_3.php#xtmc=bambi&amp;xtnp=1&amp;xtcr=1\" target=\"_blank\" rel=\"noopener\">Le Point.fr<\/a> (18\/11\/2020) ; <a href=\"https:\/\/www.franceinter.fr\/emissions\/barbatruc\/barbatruc-15-novembre-2020\" target=\"_blank\" rel=\"noopener\">France Inter<\/a> (\u00e9mission Barbatruc du 15\/11\/2020) ; <a href=\"https:\/\/www.franceculture.fr\/emissions\/le-reveil-culturel\/benjamin-lacombe-bambi-est-la-rencontre-de-la-beaute-etourdissante-de-la-nature-et-de-la-cruaute\" target=\"_blank\" rel=\"noopener\">France Culture<\/a> (\u00e9mission Le r\u00e9veil culturel du 23\/12\/2020)&#8230;<br \/>\n<em>\u2022 Puisqu&rsquo;il fait jour<\/em> (Nicolas Waquet, 2017) : cit\u00e9 par Pierre Monastier sur le site Profession Spectacle, dans son <a href=\"http:\/\/www.profession-spectacle.com\/lavare-un-moliere-funambulesque-frederique-lazarini\/\" target=\"_blank\" rel=\"noopener\">article sur L&rsquo;Avare<\/a> mis en sc\u00e8ne par Fr\u00e9d\u00e9rique Lazarini (16 novembre 2017)<br \/>\n<span style=\"color: #ff0000;\">\u2022<\/span> <em>Bambi<\/em> (Felix Salten, 2016) : citation de la traduction de Nicolas Waquet dans un article hommage sur <a href=\"https:\/\/www.actualitte.com\/article\/culture-arts-lettres\/mort-de-tyrus-wong-l-homme-qui-donna-vie-a-bambi-pour-disney\/68845\" target=\"_blank\" rel=\"noopener\">ActuaLitt\u00e9<\/a> \u00e0 Tyrus Wong, cr\u00e9ateur du dessin anim\u00e9 dans le studio de Walt Disney<br \/>\n<em><span style=\"color: #ff0000;\">\u2022<\/span> De la guerre<\/em> (Carl von Clausewitz, 2014) : <span class=\"reference-text\">ouvrage du programme \u00ab\u00a0Fran\u00e7ais-Philosophie\u00a0\u00bb des Classes Pr\u00e9paratoires aux Grandes \u00c9coles Scientifiques<\/span> en <a href=\"http:\/\/www.education.gouv.fr\/pid285\/bulletin_officiel.html?cid_bo=79955\" target=\"_blank\" rel=\"noopener\">2014-2015<\/a> et <a href=\"http:\/\/www.education.gouv.fr\/pid25535\/bulletin_officiel.html?cid_bo=89144\" target=\"_blank\" rel=\"noopener\">2015-2016<\/a>.<br \/>\n<span style=\"color: #ff0000;\">\u2022<\/span> <em>Le Chat bott\u00e9<\/em> (Ludwig Tieck, 2012) : ouvrage cit\u00e9 sur la page de l&rsquo;auteur sur le site <a href=\"http:\/\/www.plathey.net\/livres\/germanophone\/tieck.html\" target=\"_blank\" rel=\"noopener\">Plathey.net<\/a>.<br \/>\n<span style=\"color: #ff0000;\">\u2022<\/span> <em>Ondine<\/em> (Friedrich de La Motte-Fouqu\u00e9) : cet ouvrage fait l&rsquo;objet d&rsquo;un article document\u00e9 sur le site <a href=\"https:\/\/www.plathey.net\/livres\/germanophone\/motte-fouque.html\" target=\"_blank\" rel=\"noopener\">Plathey.net<\/a>.<br \/>\n<span style=\"color: #ff0000;\">\u2022<\/span> <em>Les Emotions des animaux<\/em> (Bekoff, 2009) : le site <a href=\"https:\/\/vegane.blogspot.com\/2009\/06\/emotions-animaux-bekoff.html\" target=\"_blank\" rel=\"noopener\">Animalia<\/a> consacre une page \u00e0 cet ouvrage le 16 janvier 2013.<br \/>\n<em><span style=\"color: #ff0000;\">\u2022<\/span> Eros et Psych\u00e9<\/em> (Apul\u00e9e, 2006) : recommand\u00e9 par l&rsquo;<a href=\"https:\/\/applicationspub.unil.ch\/interpub\/noauth\/php\/Ud\/ficheCours.php?v_enstyid=19714&amp;v_langue=8\" target=\"_blank\" rel=\"noopener\">Universit\u00e9 de Lausanne<\/a> pour un module de Lettres.<\/p>\n","protected":false},"excerpt":{"rendered":"<p>Les publications de Nicolas Waquet font l&rsquo;objet de retomb\u00e9es m\u00e9diatiques. Par ailleurs, plusieurs ouvrages (po\u00e9tiques ou traductions) sont cit\u00e9s en [&hellip;]<\/p>\n","protected":false},"author":1,"featured_media":0,"parent":0,"menu_order":4,"comment_status":"closed","ping_status":"closed","template":"","meta":{"footnotes":""},"class_list":["post-92","page","type-page","status-publish","hentry"],"aioseo_notices":[],"_links":{"self":[{"href":"https:\/\/nicolaswaquet.fr\/index.php\/wp-json\/wp\/v2\/pages\/92","targetHints":{"allow":["GET"]}}],"collection":[{"href":"https:\/\/nicolaswaquet.fr\/index.php\/wp-json\/wp\/v2\/pages"}],"about":[{"href":"https:\/\/nicolaswaquet.fr\/index.php\/wp-json\/wp\/v2\/types\/page"}],"author":[{"embeddable":true,"href":"https:\/\/nicolaswaquet.fr\/index.php\/wp-json\/wp\/v2\/users\/1"}],"replies":[{"embeddable":true,"href":"https:\/\/nicolaswaquet.fr\/index.php\/wp-json\/wp\/v2\/comments?post=92"}],"version-history":[{"count":91,"href":"https:\/\/nicolaswaquet.fr\/index.php\/wp-json\/wp\/v2\/pages\/92\/revisions"}],"predecessor-version":[{"id":1159,"href":"https:\/\/nicolaswaquet.fr\/index.php\/wp-json\/wp\/v2\/pages\/92\/revisions\/1159"}],"wp:attachment":[{"href":"https:\/\/nicolaswaquet.fr\/index.php\/wp-json\/wp\/v2\/media?parent=92"}],"curies":[{"name":"wp","href":"https:\/\/api.w.org\/{rel}","templated":true}]}}