{"id":864,"date":"2021-05-19T09:32:35","date_gmt":"2021-05-19T07:32:35","guid":{"rendered":"http:\/\/nicolaswaquet.fr\/?page_id=864"},"modified":"2022-06-15T16:12:15","modified_gmt":"2022-06-15T14:12:15","slug":"dans-lombre-inscrit","status":"publish","type":"page","link":"https:\/\/nicolaswaquet.fr\/index.php\/poesie\/poesie-recueils\/dans-lombre-inscrit\/","title":{"rendered":"Dans l&rsquo;ombre inscrit"},"content":{"rendered":"<p><img loading=\"lazy\" decoding=\"async\" class=\"size-medium wp-image-865 alignleft\" src=\"http:\/\/nicolaswaquet.fr\/wp-content\/uploads\/2021\/05\/dans-lombre-inscrit-199x300.jpg\" alt=\"\" width=\"199\" height=\"300\" srcset=\"https:\/\/nicolaswaquet.fr\/wp-content\/uploads\/2021\/05\/dans-lombre-inscrit-199x300.jpg 199w, https:\/\/nicolaswaquet.fr\/wp-content\/uploads\/2021\/05\/dans-lombre-inscrit.jpg 290w\" sizes=\"auto, (max-width: 199px) 100vw, 199px\" \/><\/p>\n<p>Pr\u00e9face de G\u00e9rard Bocholier<\/p>\n<p>Editions Unicit\u00e9, collection \u00ab\u00a0Cahiers Bleus\u00a0\u00bb<\/p>\n<p>Paris, mai 2021, 112 p.<\/p>\n<p>ISBN :\u00a0<span class=\"ISBN\">978-2-37355-565-3<\/span><\/p>\n<p><em><strong><span style=\"color: #008080;\">Lecture avec H\u00e9l\u00e8ne Fresnel, samedi 18 juin 2022, \u00e0 16h, \u00e0 la librairie La Terrasse de Gutenberg, 9 rue Emilio Castelar, Paris 12\u00e8.<\/span><\/strong><\/em><\/p>\n<p>&nbsp;<\/p>\n<p>&nbsp;<\/p>\n<p>&nbsp;<\/p>\n<p>&nbsp;<\/p>\n<p>&nbsp;<\/p>\n<p>&nbsp;<\/p>\n<p>&nbsp;<\/p>\n<p>&nbsp;<\/p>\n","protected":false},"excerpt":{"rendered":"<p>Pr\u00e9face de G\u00e9rard Bocholier Editions Unicit\u00e9, collection \u00ab\u00a0Cahiers Bleus\u00a0\u00bb Paris, mai 2021, 112 p. ISBN :\u00a0978-2-37355-565-3 Lecture avec H\u00e9l\u00e8ne Fresnel, [&hellip;]<\/p>\n","protected":false},"author":1,"featured_media":0,"parent":99,"menu_order":0,"comment_status":"closed","ping_status":"closed","template":"","meta":{"footnotes":""},"class_list":["post-864","page","type-page","status-publish","hentry"],"aioseo_notices":[],"_links":{"self":[{"href":"https:\/\/nicolaswaquet.fr\/index.php\/wp-json\/wp\/v2\/pages\/864","targetHints":{"allow":["GET"]}}],"collection":[{"href":"https:\/\/nicolaswaquet.fr\/index.php\/wp-json\/wp\/v2\/pages"}],"about":[{"href":"https:\/\/nicolaswaquet.fr\/index.php\/wp-json\/wp\/v2\/types\/page"}],"author":[{"embeddable":true,"href":"https:\/\/nicolaswaquet.fr\/index.php\/wp-json\/wp\/v2\/users\/1"}],"replies":[{"embeddable":true,"href":"https:\/\/nicolaswaquet.fr\/index.php\/wp-json\/wp\/v2\/comments?post=864"}],"version-history":[{"count":8,"href":"https:\/\/nicolaswaquet.fr\/index.php\/wp-json\/wp\/v2\/pages\/864\/revisions"}],"predecessor-version":[{"id":948,"href":"https:\/\/nicolaswaquet.fr\/index.php\/wp-json\/wp\/v2\/pages\/864\/revisions\/948"}],"up":[{"embeddable":true,"href":"https:\/\/nicolaswaquet.fr\/index.php\/wp-json\/wp\/v2\/pages\/99"}],"wp:attachment":[{"href":"https:\/\/nicolaswaquet.fr\/index.php\/wp-json\/wp\/v2\/media?parent=864"}],"curies":[{"name":"wp","href":"https:\/\/api.w.org\/{rel}","templated":true}]}}

<p><img loading="lazy" decoding="async" class="size-medium wp-image-865 alignleft" src="http://nicolaswaquet.fr/wp-content/uploads/2021/05/dans-lombre-inscrit-199x300.jpg" alt="" width="199" height="300" srcset="https://nicolaswaquet.fr/wp-content/uploads/2021/05/dans-lombre-inscrit-199x300.jpg 199w, https://nicolaswaquet.fr/wp-content/uploads/2021/05/dans-lombre-inscrit.jpg 290w" sizes="auto, (max-width: 199px) 100vw, 199px" /></p>
<p>Préface de Gérard Bocholier</p>
<p>Editions Unicité, collection « Cahiers Bleus »</p>
<p>Paris, mai 2021, 112 p.</p>
<p>ISBN : <span class="ISBN">978-2-37355-565-3</span></p>
<p><em><strong><span style="color: #008080;">Lecture avec Hélène Fresnel, samedi 18 juin 2022, à 16h, à la librairie La Terrasse de Gutenberg, 9 rue Emilio Castelar, Paris 12è.</span></strong></em></p>
<p>&nbsp;</p>
<p>&nbsp;</p>
<p>&nbsp;</p>
<p>&nbsp;</p>
<p>&nbsp;</p>
<p>&nbsp;</p>
<p>&nbsp;</p>
<p>&nbsp;</p>

<p>Préface de Gérard Bocholier Editions Unicité, collection « Cahiers Bleus » Paris, mai 2021, 112 p. ISBN : 978-2-37355-565-3 Lecture avec Hélène Fresnel, [&hellip;]</p>
