{"id":848,"date":"2021-05-11T18:20:27","date_gmt":"2021-05-11T16:20:27","guid":{"rendered":"http:\/\/nicolaswaquet.fr\/?page_id=848"},"modified":"2022-12-06T10:02:07","modified_gmt":"2022-12-06T09:02:07","slug":"le-metier-decrivain","status":"publish","type":"page","link":"https:\/\/nicolaswaquet.fr\/index.php\/latin\/traductions-de-lallemand\/le-metier-decrivain\/","title":{"rendered":"Le m\u00e9tier d&rsquo;\u00e9crivain"},"content":{"rendered":"<p><img loading=\"lazy\" decoding=\"async\" class=\"size-medium wp-image-849 alignleft\" src=\"http:\/\/nicolaswaquet.fr\/wp-content\/uploads\/2021\/05\/Hesse-metier-ecrivain-185x300.jpg\" alt=\"\" width=\"185\" height=\"300\" srcset=\"https:\/\/nicolaswaquet.fr\/wp-content\/uploads\/2021\/05\/Hesse-metier-ecrivain-185x300.jpg 185w, https:\/\/nicolaswaquet.fr\/wp-content\/uploads\/2021\/05\/Hesse-metier-ecrivain.jpg 400w\" sizes=\"auto, (max-width: 185px) 100vw, 185px\" \/><\/p>\n<p>Textes choisis, traduits de l&rsquo;allemand, annot\u00e9s et pr\u00e9fac\u00e9s par N. Waquet<\/p>\n<p>Rivages, collection \u00ab\u00a0Biblioth\u00e8que Rivages\u00a0\u00bb, Paris, mai 2021, 90 p.<\/p>\n<p>ISBN : 978-2-7436-5308-8<\/p>\n<p>&nbsp;<\/p>\n<p>Article de Pierre Gelin-Monastier, dans <a href=\"http:\/\/nicolaswaquet.fr\/wp-content\/uploads\/2022\/12\/Hesse-article.jpg\" target=\"_blank\" rel=\"noopener\">Les Lettres Fran\u00e7aises<\/a> (septembre 2022)<\/p>\n<p>Fait l&rsquo;objet d&rsquo;une publication sur le blog <a href=\"https:\/\/lintervalle.blog\/2021\/07\/27\/vers-lunite-originelle-par-hermann-hesse-ecrivain\/\" target=\"_blank\" rel=\"noopener\">L&rsquo;intervalle<\/a> de Fabien Ribery (27 juillet 2021)<\/p>\n<p>Critique de Samuel Dufay dans la rubrique <a href=\"http:\/\/nicolaswaquet.fr\/wp-content\/uploads\/2021\/12\/Hesse-e%CC%81crivain-Express-juill-2021.jpg\" target=\"_blank\" rel=\"noopener\">Librairie de L&rsquo;Express<\/a> (22 juillet 2021)<\/p>\n<p>Chronique sur le site <a href=\"https:\/\/www.avoir-alire.com\/le-metier-d-ecrivain-hermann-hesse-chronique-livre\" target=\"_blank\" rel=\"noopener\">Avoir-Alire<\/a>, par David Neau, (7 juin 2021)<\/p>\n<p>&nbsp;<\/p>\n<p>&nbsp;<\/p>\n<p>&nbsp;<\/p>\n<p>&nbsp;<\/p>\n<p>&nbsp;<\/p>\n","protected":false},"excerpt":{"rendered":"<p>Textes choisis, traduits de l&rsquo;allemand, annot\u00e9s et pr\u00e9fac\u00e9s par N. Waquet Rivages, collection \u00ab\u00a0Biblioth\u00e8que Rivages\u00a0\u00bb, Paris, mai 2021, 90 p. [&hellip;]<\/p>\n","protected":false},"author":1,"featured_media":0,"parent":102,"menu_order":0,"comment_status":"closed","ping_status":"closed","template":"","meta":{"footnotes":""},"class_list":["post-848","page","type-page","status-publish","hentry"],"aioseo_notices":[],"_links":{"self":[{"href":"https:\/\/nicolaswaquet.fr\/index.php\/wp-json\/wp\/v2\/pages\/848","targetHints":{"allow":["GET"]}}],"collection":[{"href":"https:\/\/nicolaswaquet.fr\/index.php\/wp-json\/wp\/v2\/pages"}],"about":[{"href":"https:\/\/nicolaswaquet.fr\/index.php\/wp-json\/wp\/v2\/types\/page"}],"author":[{"embeddable":true,"href":"https:\/\/nicolaswaquet.fr\/index.php\/wp-json\/wp\/v2\/users\/1"}],"replies":[{"embeddable":true,"href":"https:\/\/nicolaswaquet.fr\/index.php\/wp-json\/wp\/v2\/comments?post=848"}],"version-history":[{"count":10,"href":"https:\/\/nicolaswaquet.fr\/index.php\/wp-json\/wp\/v2\/pages\/848\/revisions"}],"predecessor-version":[{"id":963,"href":"https:\/\/nicolaswaquet.fr\/index.php\/wp-json\/wp\/v2\/pages\/848\/revisions\/963"}],"up":[{"embeddable":true,"href":"https:\/\/nicolaswaquet.fr\/index.php\/wp-json\/wp\/v2\/pages\/102"}],"wp:attachment":[{"href":"https:\/\/nicolaswaquet.fr\/index.php\/wp-json\/wp\/v2\/media?parent=848"}],"curies":[{"name":"wp","href":"https:\/\/api.w.org\/{rel}","templated":true}]}}

Le métier d&rsquo;écrivain

<p><img loading="lazy" decoding="async" class="size-medium wp-image-849 alignleft" src="http://nicolaswaquet.fr/wp-content/uploads/2021/05/Hesse-metier-ecrivain-185x300.jpg" alt="" width="185" height="300" srcset="https://nicolaswaquet.fr/wp-content/uploads/2021/05/Hesse-metier-ecrivain-185x300.jpg 185w, https://nicolaswaquet.fr/wp-content/uploads/2021/05/Hesse-metier-ecrivain.jpg 400w" sizes="auto, (max-width: 185px) 100vw, 185px" /></p>
<p>Textes choisis, traduits de l&rsquo;allemand, annotés et préfacés par N. Waquet</p>
<p>Rivages, collection « Bibliothèque Rivages », Paris, mai 2021, 90 p.</p>
<p>ISBN : 978-2-7436-5308-8</p>
<p>&nbsp;</p>
<p>Article de Pierre Gelin-Monastier, dans <a href="http://nicolaswaquet.fr/wp-content/uploads/2022/12/Hesse-article.jpg" target="_blank" rel="noopener">Les Lettres Françaises</a> (septembre 2022)</p>
<p>Fait l&rsquo;objet d&rsquo;une publication sur le blog <a href="https://lintervalle.blog/2021/07/27/vers-lunite-originelle-par-hermann-hesse-ecrivain/" target="_blank" rel="noopener">L&rsquo;intervalle</a> de Fabien Ribery (27 juillet 2021)</p>
<p>Critique de Samuel Dufay dans la rubrique <a href="http://nicolaswaquet.fr/wp-content/uploads/2021/12/Hesse-e%CC%81crivain-Express-juill-2021.jpg" target="_blank" rel="noopener">Librairie de L&rsquo;Express</a> (22 juillet 2021)</p>
<p>Chronique sur le site <a href="https://www.avoir-alire.com/le-metier-d-ecrivain-hermann-hesse-chronique-livre" target="_blank" rel="noopener">Avoir-Alire</a>, par David Neau, (7 juin 2021)</p>
<p>&nbsp;</p>
<p>&nbsp;</p>
<p>&nbsp;</p>
<p>&nbsp;</p>
<p>&nbsp;</p>

<p>Textes choisis, traduits de l&rsquo;allemand, annotés et préfacés par N. Waquet Rivages, collection « Bibliothèque Rivages », Paris, mai 2021, 90 p. [&hellip;]</p>
