{"id":789,"date":"2020-09-16T15:19:53","date_gmt":"2020-09-16T13:19:53","guid":{"rendered":"http:\/\/nicolaswaquet.fr\/?page_id=789"},"modified":"2024-10-23T09:10:36","modified_gmt":"2024-10-23T07:10:36","slug":"amitie","status":"publish","type":"page","link":"https:\/\/nicolaswaquet.fr\/index.php\/latin\/traductions-du-grec\/amitie\/","title":{"rendered":"L&rsquo;amiti\u00e9"},"content":{"rendered":"<p><img loading=\"lazy\" decoding=\"async\" class=\"size-medium wp-image-790 alignleft\" src=\"http:\/\/nicolaswaquet.fr\/wp-content\/uploads\/2020\/09\/Amitie\u0301-aristote-194x300.jpg\" alt=\"\" width=\"194\" height=\"300\" srcset=\"https:\/\/nicolaswaquet.fr\/wp-content\/uploads\/2020\/09\/Amitie\u0301-aristote-194x300.jpg 194w, https:\/\/nicolaswaquet.fr\/wp-content\/uploads\/2020\/09\/Amitie\u0301-aristote.jpg 468w\" sizes=\"auto, (max-width: 194px) 100vw, 194px\" \/><\/p>\n<p>Traduit du grec et pr\u00e9fac\u00e9 par N. Waquet.<\/p>\n<p>Rivages Poche Petite Biblioth\u00e8que, n\u00b0 959, Paris, ao\u00fbt 2020, 112 p.<\/p>\n<p>ISBN : 978-2-7436-5075-9<\/p>\n<p>Ouvrage retenu dans la rubrique L&rsquo;extrait de <a href=\"https:\/\/www.philomag.com\/articles\/aristote-les-vrais-amis-sont-ceux-qui-se-font-du-bien\" target=\"_blank\" rel=\"noopener\">Philosophie Magazine<\/a>, le 10 septembre 2020.<\/p>\n<p>Ouvrage s\u00e9lectionn\u00e9 par <a href=\"http:\/\/nicolaswaquet.fr\/wp-content\/uploads\/2020\/10\/Libe\u0301-19-sept-2020.jpg\" target=\"_blank\" rel=\"noopener\">Lib\u00e9ration<\/a> dans son num\u00e9ro du 19-20 septembre 2020.<\/p>\n","protected":false},"excerpt":{"rendered":"<p>Traduit du grec et pr\u00e9fac\u00e9 par N. Waquet. Rivages Poche Petite Biblioth\u00e8que, n\u00b0 959, Paris, ao\u00fbt 2020, 112 p. ISBN [&hellip;]<\/p>\n","protected":false},"author":1,"featured_media":0,"parent":104,"menu_order":0,"comment_status":"closed","ping_status":"closed","template":"","meta":{"footnotes":""},"class_list":["post-789","page","type-page","status-publish","hentry"],"aioseo_notices":[],"_links":{"self":[{"href":"https:\/\/nicolaswaquet.fr\/index.php\/wp-json\/wp\/v2\/pages\/789","targetHints":{"allow":["GET"]}}],"collection":[{"href":"https:\/\/nicolaswaquet.fr\/index.php\/wp-json\/wp\/v2\/pages"}],"about":[{"href":"https:\/\/nicolaswaquet.fr\/index.php\/wp-json\/wp\/v2\/types\/page"}],"author":[{"embeddable":true,"href":"https:\/\/nicolaswaquet.fr\/index.php\/wp-json\/wp\/v2\/users\/1"}],"replies":[{"embeddable":true,"href":"https:\/\/nicolaswaquet.fr\/index.php\/wp-json\/wp\/v2\/comments?post=789"}],"version-history":[{"count":6,"href":"https:\/\/nicolaswaquet.fr\/index.php\/wp-json\/wp\/v2\/pages\/789\/revisions"}],"predecessor-version":[{"id":1100,"href":"https:\/\/nicolaswaquet.fr\/index.php\/wp-json\/wp\/v2\/pages\/789\/revisions\/1100"}],"up":[{"embeddable":true,"href":"https:\/\/nicolaswaquet.fr\/index.php\/wp-json\/wp\/v2\/pages\/104"}],"wp:attachment":[{"href":"https:\/\/nicolaswaquet.fr\/index.php\/wp-json\/wp\/v2\/media?parent=789"}],"curies":[{"name":"wp","href":"https:\/\/api.w.org\/{rel}","templated":true}]}}