{"id":63,"date":"2021-10-07T18:11:43","date_gmt":"2021-10-07T16:11:43","guid":{"rendered":"http:\/\/nicolaswaquet.fr\/?page_id=63"},"modified":"2021-10-08T17:26:24","modified_gmt":"2021-10-08T15:26:24","slug":"communications-et-articles","status":"publish","type":"page","link":"https:\/\/nicolaswaquet.fr\/index.php\/communications-et-articles\/","title":{"rendered":"Communications et articles"},"content":{"rendered":"<p>Cette rubrique regroupe les communications effectu\u00e9es par Nicolas Waquet (dans un cadre universitaire ou non) ainsi que les articles qu&rsquo;il a r\u00e9dig\u00e9s dans diverses revues. Plus d&rsquo;information en cliquant sur les liens.<\/p>\n<p><span style=\"color: #808080;\"><strong>Communications<\/strong><\/span><br \/>\n<span style=\"color: #ff0000;\">\u2022<\/span> Interview de Nicolas Waquet dans le <a href=\"https:\/\/www.area-store-paris.com\/product-page\/area-revue-n-36-art-amiti%C3%A9\" target=\"_blank\" rel=\"noopener\">n\u00b036 de Ar\u00e9a \u00ab\u00a0Arts et Amiti\u00e9\u00a0\u00bb<\/a><br \/>\n<em><span style=\"color: #ff0000;\">\u2022<\/span> Nos amis les b\u00eates. <\/em>Conf\u00e9rence dans le cadre du <a href=\"https:\/\/www.festivalvovf.com\/copie-de-vignol-mireille\" target=\"_blank\" rel=\"noopener\">Festival VO-VF Un monde en livres<\/a>, Gif-sur-Yvette, octobre 2018.<br \/>\n<em><span style=\"color: #ff0000;\">\u2022 <\/span>Red\u00e9couvrir Bambi. Un grand texte sur l&rsquo;antis\u00e9mitisme, Conf\u00e9rence au <a href=\"https:\/\/www.mahj.org\/fr\/programme\/bambi-47138\" target=\"_blank\" rel=\"noopener\">Mus\u00e9e d&rsquo;art et d\u2019histoire du Juda\u00efsme<\/a>, Paris, 3 novembre 2016 (voir et \u00e9couter <a href=\"http:\/\/www.akadem.org\/sommaire\/themes\/culture\/cinema\/cinemajuif\/un-grand-texte-sur-l-antisemitisme-04-11-2016-84964_433.php\" target=\"_blank\" rel=\"noopener\">ici<\/a>) <\/em><br \/>\n<em><span style=\"color: #ff0000;\">\u2022<\/span> Honorer son h\u00f4te, une exp\u00e9rience de la retraduction, dans le cadre du s\u00e9minaire \u00ab\u00a0Retraduction(s)\u00a0\u00bb, Universit\u00e9 de Nantes, 2006-2008 <\/em><br \/>\n<em><span style=\"color: #ff0000;\">\u2022<\/span> La Danse de l\u2019indicible, Conf\u00e9rence annuelle de \u00ab\u00a0L\u2019Amiti\u00e9 Gu\u00e9rinienne\u00a0\u00bb, Le Cayla, 16 juillet 2006. <\/em><br \/>\n<em><span style=\"color: #ff0000;\">\u2022<\/span> L\u2019Ode fluviale<\/em>, Colloque \u00ab\u00a0\u00c9critures de l\u2019ode, <abbr class=\"abbr\" title=\"Dix-huiti\u00e8me\">XVIII<sup>e<\/sup><\/abbr>, <abbr class=\"abbr\" title=\"19\u1d49 si\u00e8cle\"><span class=\"romain\">XIX<\/span><sup>e<\/sup><\/abbr> et <abbr class=\"abbr\" title=\"20\u1d49 si\u00e8cle\"><span class=\"romain\">XX<\/span><sup>e<\/sup><\/abbr>\u00a0si\u00e8cles\u00a0\u00bb, Universit\u00e9 de Toulouse Le Mirail, 14-15-16 janvier 2004. <small>(ISBN\u00a0<span class=\"nowrap\">978-3-03910-980-7<\/span>)<\/small><\/p>\n<p><span style=\"color: #808080;\"><strong>Articles<\/strong><\/span><br \/>\n<em><span style=\"color: #ff0000;\">\u2022<\/span> \u00c0 la source du chant, puret\u00e9 et origine dans Le Rhin de H\u00f6lderlin<\/em>, dans Revu, n\u00b0 3, juillet 2017. <small>(ISSN\u00a0<span class=\"plainlinks noarchive\">2493-1144<\/span>)<\/small>.<br \/>\n<em><span style=\"color: #ff0000;\">\u2022 <\/span>Honorer son h\u00f4te, Christine Lombez (dir.), Retraductions. De la Renaissance au XXIe Si\u00e8cle, Coll. \u00ab\u00a0Horizons Comparatistes\u00a0\u00bb, \u00c9ditions C\u00e9cile Defaut, <\/em><br \/>\n<span style=\"color: #ff0000;\"><em>\u2022 <\/em><\/span><em>L\u2019Ode fluviale, dans la Revue de Litt\u00e9rature Compar\u00e9e, n\u00b0 328, octobre-d\u00e9cembre 2008. <\/em><em><small>(ISSN\u00a0<span class=\"plainlinks noarchive\">0035-1466<\/span>)<\/small>.<br \/>\nNantes, 2011, p. 279-283. <small>(ISBN\u00a0<span class=\"nowrap\">978-2-35018-300-8<\/span>)<\/small><\/em><em>.<\/em><br \/>\n<span style=\"color: #ff0000;\"><em>\u2022 <\/em><\/span><em>La Danse de l\u2019indicible, dans <\/em><em><a href=\"http:\/\/les-amis-des-guerin.fr\/wp-content\/uploads\/2015\/02\/AM_186_Sommaire.jpg\" target=\"_blank\" rel=\"noopener\">L\u2019Amiti\u00e9 Gu\u00e9rinienne<\/a>, n\u00b0 186, avril 2007. <small>(ISSN\u00a0<span class=\"plainlinks noarchive\">0517-6247<\/span>)<\/small><\/em><em>.<\/em><br \/>\n<span style=\"color: #ff0000;\"><em>\u2022<\/em><\/span><em> Un feu du ciel entre deux mondes, dans <\/em><em><a href=\"http:\/\/les-amis-des-guerin.fr\/etudes-publiees-page-4-2\/\" target=\"_blank\" rel=\"noopener\">L\u2019Amiti\u00e9 Gu\u00e9rinienne<\/a>, n\u00b0 185, avril 2006, p. 77-123. <small>(ISSN\u00a0<span class=\"plainlinks noarchive\">0517-6247<\/span>)<\/small><\/em><em>.<\/em><br \/>\n<span style=\"color: #ff0000;\"><em>\u2022<\/em><\/span><em> Le Sacre de la vie, dans <\/em><em><a href=\"http:\/\/les-amis-des-guerin.fr\/etudes-publiees-page-4-2\/\" target=\"_blank\" rel=\"noopener\">L\u2019Amiti\u00e9 Gu\u00e9rinienne<\/a>, n\u00b0 184, avril 2005, p. 33-73. <small>(ISSN\u00a0<span class=\"plainlinks noarchive\">0517-6247<\/span>)<\/small><\/em><em>.<\/em><br \/>\n<span style=\"color: #ff0000;\"><em>\u2022 <\/em><\/span><em>Images du sacr\u00e9 et h\u00e9ritage antique, dans <\/em><em><a href=\"http:\/\/les-amis-des-guerin.fr\/etudes-publiees-page-4-2\/\" target=\"_blank\" rel=\"noopener\">L\u2019Amiti\u00e9 Gu\u00e9rinien<i>ne<\/i><\/a>, n\u00b0 183, mai 2004, p. 37-82. <small>(ISSN\u00a0<span class=\"plainlinks noarchive\">0517-6247<\/span>)<\/small><\/em><em>.<\/em><br \/>\n<em><span style=\"color: #ff0000;\">\u2022<\/span> La Fascination du pur<\/em>, Po\u00e9sie 2004, n\u00b0 100, mars 2004.<\/p>\n","protected":false},"excerpt":{"rendered":"<p>Cette rubrique regroupe les communications effectu\u00e9es par Nicolas Waquet (dans un cadre universitaire ou non) ainsi que les articles qu&rsquo;il [&hellip;]<\/p>\n","protected":false},"author":1,"featured_media":0,"parent":0,"menu_order":3,"comment_status":"closed","ping_status":"closed","template":"","meta":{"footnotes":""},"class_list":["post-63","page","type-page","status-publish","hentry"],"aioseo_notices":[],"_links":{"self":[{"href":"https:\/\/nicolaswaquet.fr\/index.php\/wp-json\/wp\/v2\/pages\/63","targetHints":{"allow":["GET"]}}],"collection":[{"href":"https:\/\/nicolaswaquet.fr\/index.php\/wp-json\/wp\/v2\/pages"}],"about":[{"href":"https:\/\/nicolaswaquet.fr\/index.php\/wp-json\/wp\/v2\/types\/page"}],"author":[{"embeddable":true,"href":"https:\/\/nicolaswaquet.fr\/index.php\/wp-json\/wp\/v2\/users\/1"}],"replies":[{"embeddable":true,"href":"https:\/\/nicolaswaquet.fr\/index.php\/wp-json\/wp\/v2\/comments?post=63"}],"version-history":[{"count":43,"href":"https:\/\/nicolaswaquet.fr\/index.php\/wp-json\/wp\/v2\/pages\/63\/revisions"}],"predecessor-version":[{"id":902,"href":"https:\/\/nicolaswaquet.fr\/index.php\/wp-json\/wp\/v2\/pages\/63\/revisions\/902"}],"wp:attachment":[{"href":"https:\/\/nicolaswaquet.fr\/index.php\/wp-json\/wp\/v2\/media?parent=63"}],"curies":[{"name":"wp","href":"https:\/\/api.w.org\/{rel}","templated":true}]}}

<p>Cette rubrique regroupe les communications effectuées par Nicolas Waquet (dans un cadre universitaire ou non) ainsi que les articles qu&rsquo;il a rédigés dans diverses revues. Plus d&rsquo;information en cliquant sur les liens.</p>
<p><span style="color: #808080;"><strong>Communications</strong></span><br />
<span style="color: #ff0000;">•</span> Interview de Nicolas Waquet dans le <a href="https://www.area-store-paris.com/product-page/area-revue-n-36-art-amiti%C3%A9" target="_blank" rel="noopener">n°36 de Aréa « Arts et Amitié »</a><br />
<em><span style="color: #ff0000;">•</span> Nos amis les bêtes. </em>Conférence dans le cadre du <a href="https://www.festivalvovf.com/copie-de-vignol-mireille" target="_blank" rel="noopener">Festival VO-VF Un monde en livres</a>, Gif-sur-Yvette, octobre 2018.<br />
<em><span style="color: #ff0000;">• </span>Redécouvrir Bambi. Un grand texte sur l&rsquo;antisémitisme, Conférence au <a href="https://www.mahj.org/fr/programme/bambi-47138" target="_blank" rel="noopener">Musée d&rsquo;art et d’histoire du Judaïsme</a>, Paris, 3 novembre 2016 (voir et écouter <a href="http://www.akadem.org/sommaire/themes/culture/cinema/cinemajuif/un-grand-texte-sur-l-antisemitisme-04-11-2016-84964_433.php" target="_blank" rel="noopener">ici</a>) </em><br />
<em><span style="color: #ff0000;">•</span> Honorer son hôte, une expérience de la retraduction, dans le cadre du séminaire « Retraduction(s) », Université de Nantes, 2006-2008 </em><br />
<em><span style="color: #ff0000;">•</span> La Danse de l’indicible, Conférence annuelle de « L’Amitié Guérinienne », Le Cayla, 16 juillet 2006. </em><br />
<em><span style="color: #ff0000;">•</span> L’Ode fluviale</em>, Colloque « Écritures de l’ode, <abbr class="abbr" title="Dix-huitième">XVIII<sup>e</sup></abbr>, <abbr class="abbr" title="19ᵉ siècle"><span class="romain">XIX</span><sup>e</sup></abbr> et <abbr class="abbr" title="20ᵉ siècle"><span class="romain">XX</span><sup>e</sup></abbr> siècles », Université de Toulouse Le Mirail, 14-15-16 janvier 2004. <small>(ISBN <span class="nowrap">978-3-03910-980-7</span>)</small></p>
<p><span style="color: #808080;"><strong>Articles</strong></span><br />
<em><span style="color: #ff0000;">•</span> À la source du chant, pureté et origine dans Le Rhin de Hölderlin</em>, dans Revu, n° 3, juillet 2017. <small>(ISSN <span class="plainlinks noarchive">2493-1144</span>)</small>.<br />
<em><span style="color: #ff0000;">• </span>Honorer son hôte, Christine Lombez (dir.), Retraductions. De la Renaissance au XXIe Siècle, Coll. « Horizons Comparatistes », Éditions Cécile Defaut, </em><br />
<span style="color: #ff0000;"><em>• </em></span><em>L’Ode fluviale, dans la Revue de Littérature Comparée, n° 328, octobre-décembre 2008. </em><em><small>(ISSN <span class="plainlinks noarchive">0035-1466</span>)</small>.<br />
Nantes, 2011, p. 279-283. <small>(ISBN <span class="nowrap">978-2-35018-300-8</span>)</small></em><em>.</em><br />
<span style="color: #ff0000;"><em>• </em></span><em>La Danse de l’indicible, dans </em><em><a href="http://les-amis-des-guerin.fr/wp-content/uploads/2015/02/AM_186_Sommaire.jpg" target="_blank" rel="noopener">L’Amitié Guérinienne</a>, n° 186, avril 2007. <small>(ISSN <span class="plainlinks noarchive">0517-6247</span>)</small></em><em>.</em><br />
<span style="color: #ff0000;"><em>•</em></span><em> Un feu du ciel entre deux mondes, dans </em><em><a href="http://les-amis-des-guerin.fr/etudes-publiees-page-4-2/" target="_blank" rel="noopener">L’Amitié Guérinienne</a>, n° 185, avril 2006, p. 77-123. <small>(ISSN <span class="plainlinks noarchive">0517-6247</span>)</small></em><em>.</em><br />
<span style="color: #ff0000;"><em>•</em></span><em> Le Sacre de la vie, dans </em><em><a href="http://les-amis-des-guerin.fr/etudes-publiees-page-4-2/" target="_blank" rel="noopener">L’Amitié Guérinienne</a>, n° 184, avril 2005, p. 33-73. <small>(ISSN <span class="plainlinks noarchive">0517-6247</span>)</small></em><em>.</em><br />
<span style="color: #ff0000;"><em>• </em></span><em>Images du sacré et héritage antique, dans </em><em><a href="http://les-amis-des-guerin.fr/etudes-publiees-page-4-2/" target="_blank" rel="noopener">L’Amitié Guérinien<i>ne</i></a>, n° 183, mai 2004, p. 37-82. <small>(ISSN <span class="plainlinks noarchive">0517-6247</span>)</small></em><em>.</em><br />
<em><span style="color: #ff0000;">•</span> La Fascination du pur</em>, Poésie 2004, n° 100, mars 2004.</p>

<p>Cette rubrique regroupe les communications effectuées par Nicolas Waquet (dans un cadre universitaire ou non) ainsi que les articles qu&rsquo;il [&hellip;]</p>
