{"id":545,"date":"2018-01-19T11:30:47","date_gmt":"2018-01-19T10:30:47","guid":{"rendered":"http:\/\/nicolaswaquet.fr\/?page_id=545"},"modified":"2025-11-28T18:20:20","modified_gmt":"2025-11-28T17:20:20","slug":"contact","status":"publish","type":"page","link":"https:\/\/nicolaswaquet.fr\/index.php\/contact\/","title":{"rendered":"Contact"},"content":{"rendered":"<p>Si vous souhaitez envoyer un message \u00e0 Nicolas Waquet, merci de lui \u00e9crire \u00e0 l&rsquo;adresse suivante : nicolas.waquet@hotmail.com<\/p>\n","protected":false},"excerpt":{"rendered":"<p>Si vous souhaitez envoyer un message \u00e0 Nicolas Waquet, merci de lui \u00e9crire \u00e0 l&rsquo;adresse suivante : nicolas.waquet@hotmail.com<\/p>\n","protected":false},"author":1,"featured_media":0,"parent":0,"menu_order":6,"comment_status":"closed","ping_status":"closed","template":"","meta":{"footnotes":""},"class_list":["post-545","page","type-page","status-publish","hentry"],"aioseo_notices":[],"_links":{"self":[{"href":"https:\/\/nicolaswaquet.fr\/index.php\/wp-json\/wp\/v2\/pages\/545","targetHints":{"allow":["GET"]}}],"collection":[{"href":"https:\/\/nicolaswaquet.fr\/index.php\/wp-json\/wp\/v2\/pages"}],"about":[{"href":"https:\/\/nicolaswaquet.fr\/index.php\/wp-json\/wp\/v2\/types\/page"}],"author":[{"embeddable":true,"href":"https:\/\/nicolaswaquet.fr\/index.php\/wp-json\/wp\/v2\/users\/1"}],"replies":[{"embeddable":true,"href":"https:\/\/nicolaswaquet.fr\/index.php\/wp-json\/wp\/v2\/comments?post=545"}],"version-history":[{"count":5,"href":"https:\/\/nicolaswaquet.fr\/index.php\/wp-json\/wp\/v2\/pages\/545\/revisions"}],"predecessor-version":[{"id":1168,"href":"https:\/\/nicolaswaquet.fr\/index.php\/wp-json\/wp\/v2\/pages\/545\/revisions\/1168"}],"wp:attachment":[{"href":"https:\/\/nicolaswaquet.fr\/index.php\/wp-json\/wp\/v2\/media?parent=545"}],"curies":[{"name":"wp","href":"https:\/\/api.w.org\/{rel}","templated":true}]}}