{"id":421,"date":"2018-01-12T15:03:25","date_gmt":"2018-01-12T14:03:25","guid":{"rendered":"http:\/\/nicolaswaquet.fr\/?page_id=421"},"modified":"2021-05-18T16:42:58","modified_gmt":"2021-05-18T14:42:58","slug":"puisquil-fait-jour","status":"publish","type":"page","link":"https:\/\/nicolaswaquet.fr\/index.php\/poesie\/poesie-recueils\/puisquil-fait-jour\/","title":{"rendered":"Puisqu&rsquo;il fait jour"},"content":{"rendered":"<p><img loading=\"lazy\" decoding=\"async\" class=\"size-medium wp-image-535 alignleft\" src=\"http:\/\/nicolaswaquet.fr\/wp-content\/uploads\/2017\/11\/Waquet-Puisquil-fait-jour-1ere-200x300.png\" alt=\"\" width=\"200\" height=\"300\" srcset=\"https:\/\/nicolaswaquet.fr\/wp-content\/uploads\/2017\/11\/Waquet-Puisquil-fait-jour-1ere-200x300.png 200w, https:\/\/nicolaswaquet.fr\/wp-content\/uploads\/2017\/11\/Waquet-Puisquil-fait-jour-1ere-682x1024.png 682w, https:\/\/nicolaswaquet.fr\/wp-content\/uploads\/2017\/11\/Waquet-Puisquil-fait-jour-1ere.png 741w\" sizes=\"auto, (max-width: 200px) 100vw, 200px\" \/><\/p>\n<p>\u00c9ditions de Corlevour<\/p>\n<p>Paris, mai 2017, 96 p. <small><\/small><\/p>\n<p><small>ISBN\u00a0<span class=\"nowrap\">978-2-37209-033-9<\/span><\/small><\/p>\n<p><em>Puisqu&rsquo;il fait jour<\/em> fait l&rsquo;objet d&rsquo;un cycle de m\u00e9lodies pour piano et chant.Vous pouvez en d\u00e9couvrir certains aspects en cliquant sur le lien <a href=\"https:\/\/www.youtube.com\/watch?v=1SvhfRyWWoo\" target=\"_blank\" rel=\"noopener\">YouTube.<\/a><br \/>\nLe CD est disponible \u00e0 la vente, en vous rendant sur la page <a href=\"http:\/\/nicolaswaquet.fr\/index.php\/contact\/\" target=\"_blank\" rel=\"noopener\">Contact<\/a> de ce site.<\/p>\n<p>Cit\u00e9 par Pierre Monastier sur le site Profession Spectacle, dans son <a href=\"http:\/\/www.profession-spectacle.com\/lavare-un-moliere-funambulesque-frederique-lazarini\/\" target=\"_blank\" rel=\"noopener\">article sur L\u2019Avare<\/a> mis en sc\u00e8ne par Fr\u00e9d\u00e9rique Lazarini (16 novembre 2017)<\/p>\n<p>Critique parue dans <a href=\"https:\/\/lmda.net\/2018-07-mat19543-puisqu_il_fait_jour?debut_articles=%409366\" target=\"_blank\" rel=\"noopener\">Le Matricule des Anges<\/a>, n\u00b0195, de juillet 2018.<\/p>\n<p><a href=\"https:\/\/www.youtube.com\/watch?v=ShgV23FkEaI\" target=\"_blank\" rel=\"noopener\">D\u00e9couvrez ici <\/a>un extrait lu par N. Waquet, \u00e0 l&rsquo;initiative de R\u00e9ginald Gaillard (\u00e9ditions Corlevour), lors du confinement du Printemps 2020.<\/p>\n<p>&nbsp;<\/p>\n<p>&nbsp;<\/p>\n<p>&nbsp;<\/p>\n<p>&nbsp;<\/p>\n<p>&nbsp;<\/p>\n","protected":false},"excerpt":{"rendered":"<p>\u00c9ditions de Corlevour Paris, mai 2017, 96 p. ISBN\u00a0978-2-37209-033-9 Puisqu&rsquo;il fait jour fait l&rsquo;objet d&rsquo;un cycle de m\u00e9lodies pour piano [&hellip;]<\/p>\n","protected":false},"author":1,"featured_media":0,"parent":99,"menu_order":0,"comment_status":"closed","ping_status":"closed","template":"","meta":{"footnotes":""},"class_list":["post-421","page","type-page","status-publish","hentry"],"aioseo_notices":[],"_links":{"self":[{"href":"https:\/\/nicolaswaquet.fr\/index.php\/wp-json\/wp\/v2\/pages\/421","targetHints":{"allow":["GET"]}}],"collection":[{"href":"https:\/\/nicolaswaquet.fr\/index.php\/wp-json\/wp\/v2\/pages"}],"about":[{"href":"https:\/\/nicolaswaquet.fr\/index.php\/wp-json\/wp\/v2\/types\/page"}],"author":[{"embeddable":true,"href":"https:\/\/nicolaswaquet.fr\/index.php\/wp-json\/wp\/v2\/users\/1"}],"replies":[{"embeddable":true,"href":"https:\/\/nicolaswaquet.fr\/index.php\/wp-json\/wp\/v2\/comments?post=421"}],"version-history":[{"count":17,"href":"https:\/\/nicolaswaquet.fr\/index.php\/wp-json\/wp\/v2\/pages\/421\/revisions"}],"predecessor-version":[{"id":855,"href":"https:\/\/nicolaswaquet.fr\/index.php\/wp-json\/wp\/v2\/pages\/421\/revisions\/855"}],"up":[{"embeddable":true,"href":"https:\/\/nicolaswaquet.fr\/index.php\/wp-json\/wp\/v2\/pages\/99"}],"wp:attachment":[{"href":"https:\/\/nicolaswaquet.fr\/index.php\/wp-json\/wp\/v2\/media?parent=421"}],"curies":[{"name":"wp","href":"https:\/\/api.w.org\/{rel}","templated":true}]}}

<p><img loading="lazy" decoding="async" class="size-medium wp-image-535 alignleft" src="http://nicolaswaquet.fr/wp-content/uploads/2017/11/Waquet-Puisquil-fait-jour-1ere-200x300.png" alt="" width="200" height="300" srcset="https://nicolaswaquet.fr/wp-content/uploads/2017/11/Waquet-Puisquil-fait-jour-1ere-200x300.png 200w, https://nicolaswaquet.fr/wp-content/uploads/2017/11/Waquet-Puisquil-fait-jour-1ere-682x1024.png 682w, https://nicolaswaquet.fr/wp-content/uploads/2017/11/Waquet-Puisquil-fait-jour-1ere.png 741w" sizes="auto, (max-width: 200px) 100vw, 200px" /></p>
<p>Éditions de Corlevour</p>
<p>Paris, mai 2017, 96 p. <small></small></p>
<p><small>ISBN <span class="nowrap">978-2-37209-033-9</span></small></p>
<p><em>Puisqu&rsquo;il fait jour</em> fait l&rsquo;objet d&rsquo;un cycle de mélodies pour piano et chant.Vous pouvez en découvrir certains aspects en cliquant sur le lien <a href="https://www.youtube.com/watch?v=1SvhfRyWWoo" target="_blank" rel="noopener">YouTube.</a><br />
Le CD est disponible à la vente, en vous rendant sur la page <a href="http://nicolaswaquet.fr/index.php/contact/" target="_blank" rel="noopener">Contact</a> de ce site.</p>
<p>Cité par Pierre Monastier sur le site Profession Spectacle, dans son <a href="http://www.profession-spectacle.com/lavare-un-moliere-funambulesque-frederique-lazarini/" target="_blank" rel="noopener">article sur L’Avare</a> mis en scène par Frédérique Lazarini (16 novembre 2017)</p>
<p>Critique parue dans <a href="https://lmda.net/2018-07-mat19543-puisqu_il_fait_jour?debut_articles=%409366" target="_blank" rel="noopener">Le Matricule des Anges</a>, n°195, de juillet 2018.</p>
<p><a href="https://www.youtube.com/watch?v=ShgV23FkEaI" target="_blank" rel="noopener">Découvrez ici </a>un extrait lu par N. Waquet, à l&rsquo;initiative de Réginald Gaillard (éditions Corlevour), lors du confinement du Printemps 2020.</p>
<p>&nbsp;</p>
<p>&nbsp;</p>
<p>&nbsp;</p>
<p>&nbsp;</p>
<p>&nbsp;</p>

<p>Éditions de Corlevour Paris, mai 2017, 96 p. ISBN 978-2-37209-033-9 Puisqu&rsquo;il fait jour fait l&rsquo;objet d&rsquo;un cycle de mélodies pour piano [&hellip;]</p>
