{"id":370,"date":"2018-01-11T15:45:12","date_gmt":"2018-01-11T14:45:12","guid":{"rendered":"http:\/\/nicolaswaquet.fr\/?page_id=370"},"modified":"2019-05-29T20:46:45","modified_gmt":"2019-05-29T18:46:45","slug":"le-chat-botte","status":"publish","type":"page","link":"https:\/\/nicolaswaquet.fr\/index.php\/latin\/traductions-de-lallemand\/le-chat-botte\/","title":{"rendered":"Le Chat bott\u00e9"},"content":{"rendered":"<p><img loading=\"lazy\" decoding=\"async\" class=\"size-medium wp-image-483 alignleft\" src=\"http:\/\/nicolaswaquet.fr\/wp-content\/uploads\/2018\/01\/Waquet-Chat-botte\u0301-1ere-193x300.jpg\" alt=\"\" width=\"193\" height=\"300\" srcset=\"https:\/\/nicolaswaquet.fr\/wp-content\/uploads\/2018\/01\/Waquet-Chat-botte\u0301-1ere-193x300.jpg 193w, https:\/\/nicolaswaquet.fr\/wp-content\/uploads\/2018\/01\/Waquet-Chat-botte\u0301-1ere.jpg 385w\" sizes=\"auto, (max-width: 193px) 100vw, 193px\" \/><\/p>\n<p>Traduit, pr\u00e9fac\u00e9 et annot\u00e9 par N. Waquet<\/p>\n<p>Payot &amp; Rivages, coll. \u00ab\u00a0Rivages poche \/ Petite Biblioth\u00e8que\u00a0\u00bb, n\u00b0 754, Paris, juin 2012, 140 p.<\/p>\n<p><small>ISBN\u00a0<span class=\"nowrap\">978-2-7436-2373-9<\/span><\/small><\/p>\n<p>Intervention de Nicolas Waquet dans l\u2019\u00e9mission de Charles Dantzig sur <a href=\"https:\/\/www.franceculture.fr\/emissions\/personnages-en-personne\/le-chat-botte-ou-la-revolution-du-theatre\" target=\"_blank\" rel=\"noopener\">France Culture<\/a>, le 4 f\u00e9vrier 2018.<\/p>\n<p>Ouvrage cit\u00e9 sur la page de l\u2019auteur sur le site <a href=\"http:\/\/www.plathey.net\/livres\/germanophone\/tieck.html\" target=\"_blank\" rel=\"noopener\">Plathey.net<\/a>.<\/p>\n<p>&nbsp;<\/p>\n<p>&nbsp;<\/p>\n<p>&nbsp;<\/p>\n<p>&nbsp;<\/p>\n<p>&nbsp;<\/p>\n<p>&nbsp;<\/p>\n<p>&nbsp;<\/p>\n","protected":false},"excerpt":{"rendered":"<p>Traduit, pr\u00e9fac\u00e9 et annot\u00e9 par N. Waquet Payot &amp; Rivages, coll. \u00ab\u00a0Rivages poche \/ Petite Biblioth\u00e8que\u00a0\u00bb, n\u00b0 754, Paris, juin [&hellip;]<\/p>\n","protected":false},"author":1,"featured_media":0,"parent":102,"menu_order":0,"comment_status":"closed","ping_status":"closed","template":"","meta":{"footnotes":""},"class_list":["post-370","page","type-page","status-publish","hentry"],"aioseo_notices":[],"_links":{"self":[{"href":"https:\/\/nicolaswaquet.fr\/index.php\/wp-json\/wp\/v2\/pages\/370","targetHints":{"allow":["GET"]}}],"collection":[{"href":"https:\/\/nicolaswaquet.fr\/index.php\/wp-json\/wp\/v2\/pages"}],"about":[{"href":"https:\/\/nicolaswaquet.fr\/index.php\/wp-json\/wp\/v2\/types\/page"}],"author":[{"embeddable":true,"href":"https:\/\/nicolaswaquet.fr\/index.php\/wp-json\/wp\/v2\/users\/1"}],"replies":[{"embeddable":true,"href":"https:\/\/nicolaswaquet.fr\/index.php\/wp-json\/wp\/v2\/comments?post=370"}],"version-history":[{"count":6,"href":"https:\/\/nicolaswaquet.fr\/index.php\/wp-json\/wp\/v2\/pages\/370\/revisions"}],"predecessor-version":[{"id":720,"href":"https:\/\/nicolaswaquet.fr\/index.php\/wp-json\/wp\/v2\/pages\/370\/revisions\/720"}],"up":[{"embeddable":true,"href":"https:\/\/nicolaswaquet.fr\/index.php\/wp-json\/wp\/v2\/pages\/102"}],"wp:attachment":[{"href":"https:\/\/nicolaswaquet.fr\/index.php\/wp-json\/wp\/v2\/media?parent=370"}],"curies":[{"name":"wp","href":"https:\/\/api.w.org\/{rel}","templated":true}]}}