{"id":230,"date":"2018-01-11T13:26:04","date_gmt":"2018-01-11T12:26:04","guid":{"rendered":"http:\/\/nicolaswaquet.fr\/?page_id=230"},"modified":"2024-06-11T20:11:28","modified_gmt":"2024-06-11T18:11:28","slug":"orateur-ideal","status":"publish","type":"page","link":"https:\/\/nicolaswaquet.fr\/index.php\/latin\/traductions-du-latin\/orateur-ideal\/","title":{"rendered":"L&rsquo;Orateur id\u00e9al"},"content":{"rendered":"<div class=\"wp-block-image\">\n<figure class=\"alignleft\"><img loading=\"lazy\" decoding=\"async\" width=\"195\" height=\"300\" src=\"http:\/\/nicolaswaquet.fr\/wp-content\/uploads\/2018\/01\/Waquet-Ciceron-orateur-1ere-195x300.jpg\" alt=\"\" class=\"wp-image-484\" srcset=\"https:\/\/nicolaswaquet.fr\/wp-content\/uploads\/2018\/01\/Waquet-Ciceron-orateur-1ere-195x300.jpg 195w, https:\/\/nicolaswaquet.fr\/wp-content\/uploads\/2018\/01\/Waquet-Ciceron-orateur-1ere-768x1184.jpg 768w, https:\/\/nicolaswaquet.fr\/wp-content\/uploads\/2018\/01\/Waquet-Ciceron-orateur-1ere-664x1024.jpg 664w, https:\/\/nicolaswaquet.fr\/wp-content\/uploads\/2018\/01\/Waquet-Ciceron-orateur-1ere.jpg 971w\" sizes=\"auto, (max-width: 195px) 100vw, 195px\" \/><\/figure><\/div>\n\n\n<p>Traduit du latin, annot\u00e9 et pr\u00e9fac\u00e9 par N. Waquet<\/p>\n\n\n\n<p>Payot &amp; Rivages, coll. \u00ab&nbsp;Rivages poche \/ Petite Biblioth\u00e8que&nbsp;\u00bb, n\u00b0 639, Paris, avril 2009, 91 p.<\/p>\n\n\n\n<p><small>ISBN&nbsp;<span class=\"nowrap\">978-2-7436-1910-7<\/span><\/small><\/p>\n\n\n\n<p>Traduction cit\u00e9e en r\u00e9f\u00e9rence, lue et comment\u00e9e dans le podcast <a href=\"https:\/\/www.radiofrance.fr\/franceculture\/podcasts\/les-chemins-de-la-philosophie\/l-art-de-persuader-pour-les-nuls-9559990\" target=\"_blank\" rel=\"noopener\" title=\"\">Les chemins de la philosophie<\/a>, sur France Culture<\/p>\n","protected":false},"excerpt":{"rendered":"<p>Traduit du latin, annot\u00e9 et pr\u00e9fac\u00e9 par N. Waquet Payot &amp; Rivages, coll. \u00ab&nbsp;Rivages poche \/ Petite Biblioth\u00e8que&nbsp;\u00bb, n\u00b0 639, [&hellip;]<\/p>\n","protected":false},"author":1,"featured_media":0,"parent":106,"menu_order":0,"comment_status":"closed","ping_status":"closed","template":"","meta":{"footnotes":""},"class_list":["post-230","page","type-page","status-publish","hentry"],"aioseo_notices":[],"_links":{"self":[{"href":"https:\/\/nicolaswaquet.fr\/index.php\/wp-json\/wp\/v2\/pages\/230","targetHints":{"allow":["GET"]}}],"collection":[{"href":"https:\/\/nicolaswaquet.fr\/index.php\/wp-json\/wp\/v2\/pages"}],"about":[{"href":"https:\/\/nicolaswaquet.fr\/index.php\/wp-json\/wp\/v2\/types\/page"}],"author":[{"embeddable":true,"href":"https:\/\/nicolaswaquet.fr\/index.php\/wp-json\/wp\/v2\/users\/1"}],"replies":[{"embeddable":true,"href":"https:\/\/nicolaswaquet.fr\/index.php\/wp-json\/wp\/v2\/comments?post=230"}],"version-history":[{"count":15,"href":"https:\/\/nicolaswaquet.fr\/index.php\/wp-json\/wp\/v2\/pages\/230\/revisions"}],"predecessor-version":[{"id":1046,"href":"https:\/\/nicolaswaquet.fr\/index.php\/wp-json\/wp\/v2\/pages\/230\/revisions\/1046"}],"up":[{"embeddable":true,"href":"https:\/\/nicolaswaquet.fr\/index.php\/wp-json\/wp\/v2\/pages\/106"}],"wp:attachment":[{"href":"https:\/\/nicolaswaquet.fr\/index.php\/wp-json\/wp\/v2\/media?parent=230"}],"curies":[{"name":"wp","href":"https:\/\/api.w.org\/{rel}","templated":true}]}}