{"id":224,"date":"2018-01-11T13:21:20","date_gmt":"2018-01-11T12:21:20","guid":{"rendered":"http:\/\/nicolaswaquet.fr\/?page_id=224"},"modified":"2019-05-27T20:58:54","modified_gmt":"2019-05-27T18:58:54","slug":"petit-manuel-de-campagne","status":"publish","type":"page","link":"https:\/\/nicolaswaquet.fr\/index.php\/latin\/traductions-du-latin\/petit-manuel-de-campagne\/","title":{"rendered":"Petit manuel de campagne \u00e9lectorale"},"content":{"rendered":"<p><img loading=\"lazy\" decoding=\"async\" class=\"size-medium wp-image-485 alignleft\" src=\"http:\/\/nicolaswaquet.fr\/wp-content\/uploads\/2018\/01\/Waquet-Ciceron-petit-manuel-II-1ere-194x300.jpg\" alt=\"\" width=\"194\" height=\"300\" srcset=\"https:\/\/nicolaswaquet.fr\/wp-content\/uploads\/2018\/01\/Waquet-Ciceron-petit-manuel-II-1ere-194x300.jpg 194w, https:\/\/nicolaswaquet.fr\/wp-content\/uploads\/2018\/01\/Waquet-Ciceron-petit-manuel-II-1ere.jpg 323w\" sizes=\"auto, (max-width: 194px) 100vw, 194px\" \/>Suivi de Cic\u00e9ron (Marcus Tullius Cicero) : <i>Pro Murena<\/i><\/p>\n<p>Traduit du latin, annot\u00e9 et pr\u00e9fac\u00e9 par N. Waquet<\/p>\n<p>Payot &amp; Rivages, coll. \u00ab\u00a0Rivages poche \/ Petite Biblioth\u00e8que\u00a0\u00bb, n\u00b0 559, Paris, janvier 2007, 132 p. R\u00e9-\u00e9dit\u00e9 en ao\u00fbt 2015.<\/p>\n<p><small>ISBN\u00a0<span class=\"nowrap\">978-2-7436-1622-9<\/span><\/small><\/p>\n<p>Article de Emmanuel Hecht sur le site <a href=\"https:\/\/www.lesechos.fr\/23\/01\/2007\/LesEchos\/19841-055-ECH_ciceron-candidat-a-l-election.htm\" target=\"_blank\" rel=\"noopener\">LesEchos.fr<\/a>, le 23 janvier 2007.<\/p>\n<p>&nbsp;<\/p>\n<p>&nbsp;<\/p>\n<p>&nbsp;<\/p>\n<p>&nbsp;<\/p>\n","protected":false},"excerpt":{"rendered":"<p>Suivi de Cic\u00e9ron (Marcus Tullius Cicero) : Pro Murena Traduit du latin, annot\u00e9 et pr\u00e9fac\u00e9 par N. Waquet Payot &amp; [&hellip;]<\/p>\n","protected":false},"author":1,"featured_media":0,"parent":106,"menu_order":0,"comment_status":"closed","ping_status":"closed","template":"","meta":{"footnotes":""},"class_list":["post-224","page","type-page","status-publish","hentry"],"aioseo_notices":[],"_links":{"self":[{"href":"https:\/\/nicolaswaquet.fr\/index.php\/wp-json\/wp\/v2\/pages\/224","targetHints":{"allow":["GET"]}}],"collection":[{"href":"https:\/\/nicolaswaquet.fr\/index.php\/wp-json\/wp\/v2\/pages"}],"about":[{"href":"https:\/\/nicolaswaquet.fr\/index.php\/wp-json\/wp\/v2\/types\/page"}],"author":[{"embeddable":true,"href":"https:\/\/nicolaswaquet.fr\/index.php\/wp-json\/wp\/v2\/users\/1"}],"replies":[{"embeddable":true,"href":"https:\/\/nicolaswaquet.fr\/index.php\/wp-json\/wp\/v2\/comments?post=224"}],"version-history":[{"count":12,"href":"https:\/\/nicolaswaquet.fr\/index.php\/wp-json\/wp\/v2\/pages\/224\/revisions"}],"predecessor-version":[{"id":693,"href":"https:\/\/nicolaswaquet.fr\/index.php\/wp-json\/wp\/v2\/pages\/224\/revisions\/693"}],"up":[{"embeddable":true,"href":"https:\/\/nicolaswaquet.fr\/index.php\/wp-json\/wp\/v2\/pages\/106"}],"wp:attachment":[{"href":"https:\/\/nicolaswaquet.fr\/index.php\/wp-json\/wp\/v2\/media?parent=224"}],"curies":[{"name":"wp","href":"https:\/\/api.w.org\/{rel}","templated":true}]}}