{"id":106,"date":"2017-11-12T21:51:38","date_gmt":"2017-11-12T20:51:38","guid":{"rendered":"http:\/\/nicolaswaquet.fr\/?page_id=106"},"modified":"2025-02-26T16:48:15","modified_gmt":"2025-02-26T15:48:15","slug":"traductions-du-latin","status":"publish","type":"page","link":"https:\/\/nicolaswaquet.fr\/index.php\/latin\/traductions-du-latin\/","title":{"rendered":"Traductions du latin"},"content":{"rendered":"<p>Retrouvez sur cette page la liste des traductions depuis le latin, les fiches d\u00e9taill\u00e9es \u00e9tant accessibles en cliquant sur le lien du titre choisi.<\/p>\n<ul>\n<li>S\u00e9n\u00e8que,<span style=\"color: #008080;\"><a style=\"color: #008080;\" title=\"L\u2019art de donner\" href=\"http:\/\/nicolaswaquet.fr\/index.php\/latin\/traductions-du-latin\/lart-de-donner\/\" target=\"_blank\" rel=\"noopener\"><em> L&rsquo;art de d<\/em><\/a><em><span style=\"color: #008080;\"><a style=\"color: #008080;\" href=\"_wp_link_placeholder\">onner<\/a><\/span>,<\/em><\/span> 2024<\/li>\n<li>Catulle, <a href=\"http:\/\/nicolaswaquet.fr\/index.php\/latin\/traductions-du-latin\/mille-et-cent-baisers\/\" target=\"_blank\" rel=\"noopener\"><em>Mille et cent baisers<\/em><\/a>, 2024<\/li>\n<li>Cic\u00e9ron, <a href=\"http:\/\/nicolaswaquet.fr\/index.php\/latin\/traductions-du-latin\/la-medecine-de-lame\/\" target=\"_blank\" rel=\"noopener\"><em>La m\u00e9decine de l&rsquo;\u00e2<\/em>me<\/a>, 2020<\/li>\n<li>Pline le Jeune, <i><a href=\"http:\/\/nicolaswaquet.fr\/index.php\/latin\/traductions-du-latin\/l-art-d-ecrire\/\" target=\"_blank\" rel=\"noopener\">L&rsquo;art d&rsquo;\u00e9crire<\/a>,<\/i> 2017<\/li>\n<li>S\u00e9n\u00e8que, <a href=\"http:\/\/nicolaswaquet.fr\/index.php\/latin\/traductions-du-latin\/de-la-colere\/\" target=\"_blank\" rel=\"noopener\"><i>De la col\u00e8re<\/i><\/a>, 2014<\/li>\n<li>Cic\u00e9ron, <a href=\"http:\/\/nicolaswaquet.fr\/index.php\/latin\/traductions-du-latin\/orateur-ideal\/\" target=\"_blank\" rel=\"noopener\"><i>L&rsquo;Orateur id\u00e9al<\/i><\/a>, 2009<\/li>\n<li>Fronton (Marcus Cornelius Fronto), <a href=\"http:\/\/nicolaswaquet.fr\/index.php\/latin\/traductions-du-latin\/eloge-de-la-negligence\/\" target=\"_blank\" rel=\"noopener\"><i>\u00c9loge de la n\u00e9gligence et autre textes<\/i><\/a>, 2007<\/li>\n<li>Cic\u00e9ron (Quintus Tullius Cicero), <a href=\"http:\/\/nicolaswaquet.fr\/index.php\/latin\/traductions-du-latin\/petit-manuel-de-campagne\/\" target=\"_blank\" rel=\"noopener\"><i>Petit Manuel de campagne \u00e9lectorale<\/i><\/a>, suivi de Cic\u00e9ron (Marcus Tullius Cicero), <i>Pro Murena<\/i>, 2007<\/li>\n<li>Apul\u00e9e, <a href=\"http:\/\/nicolaswaquet.fr\/index.php\/latin\/traductions-du-latin\/eros-et-psyche\/\" target=\"_blank\" rel=\"noopener\"><i>\u00c9ros et Psych\u00e9<\/i><\/a>, 2006<\/li>\n<\/ul>\n","protected":false},"excerpt":{"rendered":"<p>Retrouvez sur cette page la liste des traductions depuis le latin, les fiches d\u00e9taill\u00e9es \u00e9tant accessibles en cliquant sur le [&hellip;]<\/p>\n","protected":false},"author":1,"featured_media":0,"parent":61,"menu_order":3,"comment_status":"closed","ping_status":"closed","template":"","meta":{"footnotes":""},"class_list":["post-106","page","type-page","status-publish","hentry"],"aioseo_notices":[],"_links":{"self":[{"href":"https:\/\/nicolaswaquet.fr\/index.php\/wp-json\/wp\/v2\/pages\/106","targetHints":{"allow":["GET"]}}],"collection":[{"href":"https:\/\/nicolaswaquet.fr\/index.php\/wp-json\/wp\/v2\/pages"}],"about":[{"href":"https:\/\/nicolaswaquet.fr\/index.php\/wp-json\/wp\/v2\/types\/page"}],"author":[{"embeddable":true,"href":"https:\/\/nicolaswaquet.fr\/index.php\/wp-json\/wp\/v2\/users\/1"}],"replies":[{"embeddable":true,"href":"https:\/\/nicolaswaquet.fr\/index.php\/wp-json\/wp\/v2\/comments?post=106"}],"version-history":[{"count":15,"href":"https:\/\/nicolaswaquet.fr\/index.php\/wp-json\/wp\/v2\/pages\/106\/revisions"}],"predecessor-version":[{"id":1133,"href":"https:\/\/nicolaswaquet.fr\/index.php\/wp-json\/wp\/v2\/pages\/106\/revisions\/1133"}],"up":[{"embeddable":true,"href":"https:\/\/nicolaswaquet.fr\/index.php\/wp-json\/wp\/v2\/pages\/61"}],"wp:attachment":[{"href":"https:\/\/nicolaswaquet.fr\/index.php\/wp-json\/wp\/v2\/media?parent=106"}],"curies":[{"name":"wp","href":"https:\/\/api.w.org\/{rel}","templated":true}]}}